{"id":6606,"date":"2021-06-02T20:50:18","date_gmt":"2021-06-02T18:50:18","guid":{"rendered":"https:\/\/eterle.cz\/eshopprodukt\/rozkladaci-jidelni-stul\/"},"modified":"2025-02-16T03:06:05","modified_gmt":"2025-02-16T02:06:05","slug":"rozkladaci-jidelni-stul","status":"publish","type":"product","link":"https:\/\/eterle.cz\/eshop\/produkt\/rozkladaci-jidelni-stul\/","title":{"rendered":"Rozkl\u00e1dac\u00ed j\u00eddeln\u00ed st\u016fl"},"content":{"rendered":"<p>J\u00eddeln\u00ed rozkl\u00e1dac\u00ed st\u016fl v medov\u00e9 barv\u011b z \u00e9ry socialismu. Pevn\u00fd a praktick\u00fd.<\/p>\n<p>Stav: velmi dobr\u00fd p\u016fvodn\u00ed stav, pouze jedna noha od\u0159en\u00e1<br \/>\nRozm\u011br:<br \/>\nV\u00fd\u0161ka: 74,5 cm<br \/>\n\u0160\u00ed\u0159ka a d\u00e9lka slo\u017een\u00fd: 80 x 80 cm<br \/>\n\u0160\u00ed\u0159ka a d\u00e9lka rozlo\u017een\u00fd: 80 x 120 cm<\/p>\n","protected":false},"excerpt":{"rendered":"<p>J\u00eddeln\u00ed rozkl\u00e1dac\u00ed st\u016fl v medov\u00e9 barv\u011b z \u00e9ry socialismu. Pevn\u00fd a praktick\u00fd. Stav: velmi dobr\u00fd p\u016fvodn\u00ed stav, pouze jedna noha<\/p>\n","protected":false},"featured_media":6607,"template":"","meta":[],"product_brand":[153],"product_cat":[91],"product_tag":[],"class_list":{"0":"post-6606","1":"product","2":"type-product","3":"status-publish","4":"has-post-thumbnail","6":"product_brand-eterle-cz","7":"product_cat-prodane","8":"product_shipping_class-nadrozmerne","10":"first","11":"outofstock","12":"purchasable","13":"product-type-simple"},"_links":{"self":[{"href":"https:\/\/eterle.cz\/eshop\/wp-json\/wp\/v2\/product\/6606","targetHints":{"allow":["GET"]}}],"collection":[{"href":"https:\/\/eterle.cz\/eshop\/wp-json\/wp\/v2\/product"}],"about":[{"href":"https:\/\/eterle.cz\/eshop\/wp-json\/wp\/v2\/types\/product"}],"version-history":[{"count":0,"href":"https:\/\/eterle.cz\/eshop\/wp-json\/wp\/v2\/product\/6606\/revisions"}],"wp:featuredmedia":[{"embeddable":true,"href":"https:\/\/eterle.cz\/eshop\/wp-json\/wp\/v2\/media\/6607"}],"wp:attachment":[{"href":"https:\/\/eterle.cz\/eshop\/wp-json\/wp\/v2\/media?parent=6606"}],"wp:term":[{"taxonomy":"product_brand","embeddable":true,"href":"https:\/\/eterle.cz\/eshop\/wp-json\/wp\/v2\/product_brand?post=6606"},{"taxonomy":"product_cat","embeddable":true,"href":"https:\/\/eterle.cz\/eshop\/wp-json\/wp\/v2\/product_cat?post=6606"},{"taxonomy":"product_tag","embeddable":true,"href":"https:\/\/eterle.cz\/eshop\/wp-json\/wp\/v2\/product_tag?post=6606"}],"curies":[{"name":"wp","href":"https:\/\/api.w.org\/{rel}","templated":true}]}}