{"id":6664,"date":"2021-06-02T20:53:29","date_gmt":"2021-06-02T18:53:29","guid":{"rendered":"https:\/\/eterle.cz\/eshopprodukt\/starozitna-secesni-zidle\/"},"modified":"2025-02-16T03:06:03","modified_gmt":"2025-02-16T02:06:03","slug":"starozitna-secesni-zidle","status":"publish","type":"product","link":"https:\/\/eterle.cz\/eshop\/produkt\/starozitna-secesni-zidle\/","title":{"rendered":"Staro\u017eitn\u00e1 secesn\u00ed \u017eidle"},"content":{"rendered":"<p>Staro\u017eitn\u00e1 secesn\u00ed \u017eidle (1880-1890) vhodn\u00e1 pro princeznu sp\u00ed\u0161e ne\u017e pro kulturistu. P\u0159i vysloven\u00ed \u201esecese&#8220; se v\u011bt\u0161in\u011b lid\u00ed pravd\u011bpodobn\u011b vybav\u00ed zdoben\u00e9 obrazy \u010desk\u00e9ho velik\u00e1na Alfonse Muchy nebo zlacen\u00e1 pl\u00e1tna Gustava Klimta. Jen\u017ee za seces\u00ed se skr\u00fdv\u00e1 mnohem v\u00edc ne\u017e tato dv\u011b slavn\u00e1 jm\u00e9na. Po\u010d\u00e1tek v\u00fdroby secesn\u00edho n\u00e1bytku je spojen\u00fd p\u0159edev\u0161\u00edm s Franci\u00ed, odkud byla dove\u017eena i tato \u017eidle.<\/p>\n<p>Stav: perfektn\u00ed<br \/>\nRozm\u011br:<br \/>\nCelkov\u00e1 v\u00fd\u0161ka: 93 cm<br \/>\nV\u00fd\u0161ka sedu: 50 cm<br \/>\nHloubka sedu: 42 cm<br \/>\n\u0160\u00ed\u0159ka sedu: 43 cm<\/p>\n","protected":false},"excerpt":{"rendered":"<p>Staro\u017eitn\u00e1 secesn\u00ed \u017eidle (1880-1890) vhodn\u00e1 pro princeznu sp\u00ed\u0161e ne\u017e pro kulturistu. P\u0159i vysloven\u00ed \u201esecese&#8220; se v\u011bt\u0161in\u011b lid\u00ed pravd\u011bpodobn\u011b vybav\u00ed zdoben\u00e9<\/p>\n","protected":false},"featured_media":6665,"template":"","meta":[],"product_brand":[153],"product_cat":[91],"product_tag":[],"class_list":{"0":"post-6664","1":"product","2":"type-product","3":"status-publish","4":"has-post-thumbnail","6":"product_brand-eterle-cz","7":"product_cat-prodane","8":"product_shipping_class-nadrozmerne","10":"first","11":"outofstock","12":"purchasable","13":"product-type-simple"},"_links":{"self":[{"href":"https:\/\/eterle.cz\/eshop\/wp-json\/wp\/v2\/product\/6664","targetHints":{"allow":["GET"]}}],"collection":[{"href":"https:\/\/eterle.cz\/eshop\/wp-json\/wp\/v2\/product"}],"about":[{"href":"https:\/\/eterle.cz\/eshop\/wp-json\/wp\/v2\/types\/product"}],"version-history":[{"count":0,"href":"https:\/\/eterle.cz\/eshop\/wp-json\/wp\/v2\/product\/6664\/revisions"}],"wp:featuredmedia":[{"embeddable":true,"href":"https:\/\/eterle.cz\/eshop\/wp-json\/wp\/v2\/media\/6665"}],"wp:attachment":[{"href":"https:\/\/eterle.cz\/eshop\/wp-json\/wp\/v2\/media?parent=6664"}],"wp:term":[{"taxonomy":"product_brand","embeddable":true,"href":"https:\/\/eterle.cz\/eshop\/wp-json\/wp\/v2\/product_brand?post=6664"},{"taxonomy":"product_cat","embeddable":true,"href":"https:\/\/eterle.cz\/eshop\/wp-json\/wp\/v2\/product_cat?post=6664"},{"taxonomy":"product_tag","embeddable":true,"href":"https:\/\/eterle.cz\/eshop\/wp-json\/wp\/v2\/product_tag?post=6664"}],"curies":[{"name":"wp","href":"https:\/\/api.w.org\/{rel}","templated":true}]}}