{"id":6750,"date":"2021-06-02T20:56:10","date_gmt":"2021-06-02T18:56:10","guid":{"rendered":"https:\/\/eterle.cz\/eshopprodukt\/obal-na-kvetinac-haas-a-czjzek\/"},"modified":"2025-02-16T03:05:58","modified_gmt":"2025-02-16T02:05:58","slug":"obal-na-kvetinac-haas-a-czjzek","status":"publish","type":"product","link":"https:\/\/eterle.cz\/eshop\/produkt\/obal-na-kvetinac-haas-a-czjzek\/","title":{"rendered":"Obal na kv\u011btin\u00e1\u010d \/ Haas a Czjzek"},"content":{"rendered":"<p>Kr\u00e1sn\u00fd porcel\u00e1nov\u00fd obal na kv\u011btin\u00e1\u010d od \u010desk\u00e9 porcel\u00e1nky Haas a Czjzek v secesn\u00edm stylu. Je kr\u00e1snou ozdobou interi\u00e9ru u\u017e s\u00e1m o sob\u011b.<\/p>\n<p>Zna\u010dka: Haas a Czjzek (nezna\u010deno)<br \/>\nStav: perfeknt\u00ed, jen uvnit\u0159 lehce za\u0161l\u00fd od pou\u017e\u00edv\u00e1n\u00ed<br \/>\nRozm\u011br:<br \/>\nV\u00fd\u0161ka: 16 cm<br \/>\nPr\u016fm\u011br: 16 cm<\/p>\n","protected":false},"excerpt":{"rendered":"<p>Kr\u00e1sn\u00fd porcel\u00e1nov\u00fd obal na kv\u011btin\u00e1\u010d od \u010desk\u00e9 porcel\u00e1nky Haas a Czjzek v secesn\u00edm stylu. Je kr\u00e1snou ozdobou interi\u00e9ru u\u017e s\u00e1m<\/p>\n","protected":false},"featured_media":6751,"template":"","meta":[],"product_brand":[153],"product_cat":[91],"product_tag":[],"class_list":{"0":"post-6750","1":"product","2":"type-product","3":"status-publish","4":"has-post-thumbnail","6":"product_brand-eterle-cz","7":"product_cat-prodane","9":"first","10":"outofstock","11":"purchasable","12":"product-type-simple"},"_links":{"self":[{"href":"https:\/\/eterle.cz\/eshop\/wp-json\/wp\/v2\/product\/6750","targetHints":{"allow":["GET"]}}],"collection":[{"href":"https:\/\/eterle.cz\/eshop\/wp-json\/wp\/v2\/product"}],"about":[{"href":"https:\/\/eterle.cz\/eshop\/wp-json\/wp\/v2\/types\/product"}],"version-history":[{"count":0,"href":"https:\/\/eterle.cz\/eshop\/wp-json\/wp\/v2\/product\/6750\/revisions"}],"wp:featuredmedia":[{"embeddable":true,"href":"https:\/\/eterle.cz\/eshop\/wp-json\/wp\/v2\/media\/6751"}],"wp:attachment":[{"href":"https:\/\/eterle.cz\/eshop\/wp-json\/wp\/v2\/media?parent=6750"}],"wp:term":[{"taxonomy":"product_brand","embeddable":true,"href":"https:\/\/eterle.cz\/eshop\/wp-json\/wp\/v2\/product_brand?post=6750"},{"taxonomy":"product_cat","embeddable":true,"href":"https:\/\/eterle.cz\/eshop\/wp-json\/wp\/v2\/product_cat?post=6750"},{"taxonomy":"product_tag","embeddable":true,"href":"https:\/\/eterle.cz\/eshop\/wp-json\/wp\/v2\/product_tag?post=6750"}],"curies":[{"name":"wp","href":"https:\/\/api.w.org\/{rel}","templated":true}]}}