{"id":6754,"date":"2021-06-02T20:56:16","date_gmt":"2021-06-02T18:56:16","guid":{"rendered":"https:\/\/eterle.cz\/eshopprodukt\/stary-skolni-plakat\/"},"modified":"2025-02-16T03:05:58","modified_gmt":"2025-02-16T02:05:58","slug":"stary-skolni-plakat","status":"publish","type":"product","link":"https:\/\/eterle.cz\/eshop\/produkt\/stary-skolni-plakat\/","title":{"rendered":"Star\u00fd \u0161koln\u00ed plak\u00e1t"},"content":{"rendered":"<p>Star\u00fd \u0161koln\u00ed plak\u00e1t antick\u00fdch n\u00e1dob. Nejdn\u00e1 se o repliku, pravost potvrzuje i \u0161koln\u00ed raz\u00edkto na zadn\u00ed stran\u011b. V sou\u010dasn\u00e9 dob\u011b jsou plak\u00e1ty vyhled\u00e1vanou bytovou dekorac\u00ed.<\/p>\n<p>Stav: Zachoval\u00fd p\u016fvodn\u00ed stav<br \/>\nRozm\u011br:<br \/>\nV\u00fd\u0161ka: 64 cm<br \/>\n\u0160\u00ed\u0159ka: 90 cm<\/p>\n","protected":false},"excerpt":{"rendered":"<p>Star\u00fd \u0161koln\u00ed plak\u00e1t antick\u00fdch n\u00e1dob. Nejdn\u00e1 se o repliku, pravost potvrzuje i \u0161koln\u00ed raz\u00edkto na zadn\u00ed stran\u011b. V sou\u010dasn\u00e9 dob\u011b<\/p>\n","protected":false},"featured_media":6755,"template":"","meta":[],"product_brand":[153],"product_cat":[91],"product_tag":[],"class_list":{"0":"post-6754","1":"product","2":"type-product","3":"status-publish","4":"has-post-thumbnail","6":"product_brand-eterle-cz","7":"product_cat-prodane","9":"first","10":"outofstock","11":"purchasable","12":"product-type-simple"},"_links":{"self":[{"href":"https:\/\/eterle.cz\/eshop\/wp-json\/wp\/v2\/product\/6754","targetHints":{"allow":["GET"]}}],"collection":[{"href":"https:\/\/eterle.cz\/eshop\/wp-json\/wp\/v2\/product"}],"about":[{"href":"https:\/\/eterle.cz\/eshop\/wp-json\/wp\/v2\/types\/product"}],"version-history":[{"count":0,"href":"https:\/\/eterle.cz\/eshop\/wp-json\/wp\/v2\/product\/6754\/revisions"}],"wp:featuredmedia":[{"embeddable":true,"href":"https:\/\/eterle.cz\/eshop\/wp-json\/wp\/v2\/media\/6755"}],"wp:attachment":[{"href":"https:\/\/eterle.cz\/eshop\/wp-json\/wp\/v2\/media?parent=6754"}],"wp:term":[{"taxonomy":"product_brand","embeddable":true,"href":"https:\/\/eterle.cz\/eshop\/wp-json\/wp\/v2\/product_brand?post=6754"},{"taxonomy":"product_cat","embeddable":true,"href":"https:\/\/eterle.cz\/eshop\/wp-json\/wp\/v2\/product_cat?post=6754"},{"taxonomy":"product_tag","embeddable":true,"href":"https:\/\/eterle.cz\/eshop\/wp-json\/wp\/v2\/product_tag?post=6754"}],"curies":[{"name":"wp","href":"https:\/\/api.w.org\/{rel}","templated":true}]}}