{"id":6791,"date":"2021-06-02T20:57:05","date_gmt":"2021-06-02T18:57:05","guid":{"rendered":"https:\/\/eterle.cz\/eshopprodukt\/retro-kreslo-po-renovaci-2\/"},"modified":"2025-02-16T03:05:56","modified_gmt":"2025-02-16T02:05:56","slug":"retro-kreslo-po-renovaci-2","status":"publish","type":"product","link":"https:\/\/eterle.cz\/eshop\/produkt\/retro-kreslo-po-renovaci-2\/","title":{"rendered":"Retro k\u0159eslo po renovaci"},"content":{"rendered":"<p>\u010caloun\u011bn\u00e9 k\u0159eslo po \u010d\u00e1ste\u010dn\u00e9 renovaci v p\u0159\u00edjemn\u00e9m kv\u011btinov\u00e9m dekoru. P\u0159esto\u017ee l\u00e1tka nen\u00ed jednobarevn\u00e1, t\u00f3ny vzoru jsou decentn\u00ed a tak se bude dob\u0159e v interi\u00e9ru kombinovat s ostatn\u00edmi prvky. Hod\u00ed se pro n\u011b\u017en\u00e9 pohlav\u00ed ke skleni\u010dce v\u00edna.<\/p>\n<p>Stav: \u010d\u00e1ste\u010dn\u00e1 renovace &#8211; nov\u00e9 \u010daloun\u011bn\u00ed, p\u016fvodn\u00ed vnit\u0159ek a d\u0159evo ponech\u00e1no s patinou<br \/>\nRozm\u011br:<br \/>\nHloubka sed\u00e1ku: 50 cm<br \/>\n\u0160\u00ed\u0159ka sed\u00e1ku: 48 cm<br \/>\nV\u00fd\u0161ka sed\u00e1ku: 43 cm<br \/>\nV\u00fd\u0161ka celkem: 88 cm<br \/>\n\u0160\u00ed\u0159ka celkem: 60 cm<\/p>\n","protected":false},"excerpt":{"rendered":"<p>\u010caloun\u011bn\u00e9 k\u0159eslo po \u010d\u00e1ste\u010dn\u00e9 renovaci v p\u0159\u00edjemn\u00e9m kv\u011btinov\u00e9m dekoru. P\u0159esto\u017ee l\u00e1tka nen\u00ed jednobarevn\u00e1, t\u00f3ny vzoru jsou decentn\u00ed a tak se<\/p>\n","protected":false},"featured_media":6792,"template":"","meta":[],"product_brand":[153],"product_cat":[91],"product_tag":[],"class_list":{"0":"post-6791","1":"product","2":"type-product","3":"status-publish","4":"has-post-thumbnail","6":"product_brand-eterle-cz","7":"product_cat-prodane","8":"product_shipping_class-nadrozmerne","10":"first","11":"outofstock","12":"purchasable","13":"product-type-simple"},"_links":{"self":[{"href":"https:\/\/eterle.cz\/eshop\/wp-json\/wp\/v2\/product\/6791","targetHints":{"allow":["GET"]}}],"collection":[{"href":"https:\/\/eterle.cz\/eshop\/wp-json\/wp\/v2\/product"}],"about":[{"href":"https:\/\/eterle.cz\/eshop\/wp-json\/wp\/v2\/types\/product"}],"version-history":[{"count":1,"href":"https:\/\/eterle.cz\/eshop\/wp-json\/wp\/v2\/product\/6791\/revisions"}],"predecessor-version":[{"id":8922,"href":"https:\/\/eterle.cz\/eshop\/wp-json\/wp\/v2\/product\/6791\/revisions\/8922"}],"wp:featuredmedia":[{"embeddable":true,"href":"https:\/\/eterle.cz\/eshop\/wp-json\/wp\/v2\/media\/6792"}],"wp:attachment":[{"href":"https:\/\/eterle.cz\/eshop\/wp-json\/wp\/v2\/media?parent=6791"}],"wp:term":[{"taxonomy":"product_brand","embeddable":true,"href":"https:\/\/eterle.cz\/eshop\/wp-json\/wp\/v2\/product_brand?post=6791"},{"taxonomy":"product_cat","embeddable":true,"href":"https:\/\/eterle.cz\/eshop\/wp-json\/wp\/v2\/product_cat?post=6791"},{"taxonomy":"product_tag","embeddable":true,"href":"https:\/\/eterle.cz\/eshop\/wp-json\/wp\/v2\/product_tag?post=6791"}],"curies":[{"name":"wp","href":"https:\/\/api.w.org\/{rel}","templated":true}]}}