{"id":6820,"date":"2021-06-02T20:57:55","date_gmt":"2021-06-02T18:57:55","guid":{"rendered":"https:\/\/eterle.cz\/eshopprodukt\/starozitna-sklenice-egermann-2\/"},"modified":"2025-02-16T03:05:55","modified_gmt":"2025-02-16T02:05:55","slug":"starozitna-sklenice-egermann-2","status":"publish","type":"product","link":"https:\/\/eterle.cz\/eshop\/produkt\/starozitna-sklenice-egermann-2\/","title":{"rendered":"Staro\u017eitn\u00e1 sklenice \/ Egermann"},"content":{"rendered":"<p>Sklenice Egermann s \u0159ezan\u00fdm motivem. Vyroben\u00e1 p\u0159ibli\u017en\u011b v roce 1900. Od 40. let u\u017e\u00edval Fridrich Egermann titul privilegovan\u00e9ho c\u00edsa\u0159sk\u00e9ho a kr\u00e1lovsk\u00e9ho v\u00fdrobce s opr\u00e1vn\u011bn\u00edm prod\u00e1vat sklo po cel\u00e9 monarchii.<\/p>\n<p>Stav: perfektn\u00ed<br \/>\nRozm\u011br:<br \/>\nV\u00fd\u0161ka: 16,5 cm<br \/>\nPr\u016fm\u011br: 8 cm<br \/>\nObjem: 400 ml<\/p>\n","protected":false},"excerpt":{"rendered":"<p>Sklenice Egermann s \u0159ezan\u00fdm motivem. Vyroben\u00e1 p\u0159ibli\u017en\u011b v roce 1900. Od 40. let u\u017e\u00edval Fridrich Egermann titul privilegovan\u00e9ho c\u00edsa\u0159sk\u00e9ho a<\/p>\n","protected":false},"featured_media":6821,"template":"","meta":[],"product_brand":[153],"product_cat":[91],"product_tag":[],"class_list":{"0":"post-6820","1":"product","2":"type-product","3":"status-publish","4":"has-post-thumbnail","6":"product_brand-eterle-cz","7":"product_cat-prodane","9":"first","10":"outofstock","11":"purchasable","12":"product-type-simple"},"_links":{"self":[{"href":"https:\/\/eterle.cz\/eshop\/wp-json\/wp\/v2\/product\/6820","targetHints":{"allow":["GET"]}}],"collection":[{"href":"https:\/\/eterle.cz\/eshop\/wp-json\/wp\/v2\/product"}],"about":[{"href":"https:\/\/eterle.cz\/eshop\/wp-json\/wp\/v2\/types\/product"}],"version-history":[{"count":0,"href":"https:\/\/eterle.cz\/eshop\/wp-json\/wp\/v2\/product\/6820\/revisions"}],"wp:featuredmedia":[{"embeddable":true,"href":"https:\/\/eterle.cz\/eshop\/wp-json\/wp\/v2\/media\/6821"}],"wp:attachment":[{"href":"https:\/\/eterle.cz\/eshop\/wp-json\/wp\/v2\/media?parent=6820"}],"wp:term":[{"taxonomy":"product_brand","embeddable":true,"href":"https:\/\/eterle.cz\/eshop\/wp-json\/wp\/v2\/product_brand?post=6820"},{"taxonomy":"product_cat","embeddable":true,"href":"https:\/\/eterle.cz\/eshop\/wp-json\/wp\/v2\/product_cat?post=6820"},{"taxonomy":"product_tag","embeddable":true,"href":"https:\/\/eterle.cz\/eshop\/wp-json\/wp\/v2\/product_tag?post=6820"}],"curies":[{"name":"wp","href":"https:\/\/api.w.org\/{rel}","templated":true}]}}