{"id":6829,"date":"2021-06-02T20:58:12","date_gmt":"2021-06-02T18:58:12","guid":{"rendered":"https:\/\/eterle.cz\/eshopprodukt\/karafa\/"},"modified":"2025-02-16T03:05:54","modified_gmt":"2025-02-16T02:05:54","slug":"karafa","status":"publish","type":"product","link":"https:\/\/eterle.cz\/eshop\/produkt\/karafa\/","title":{"rendered":"Karafa"},"content":{"rendered":"<p>Mal\u00e1 karafa na ocet, olej \u010di jin\u00e9 dochucovadlo.<\/p>\n<p>Stav: perfektn\u00ed<br \/>\nRozm\u011br:<br \/>\nV\u00fd\u0161ka: 8 cm, 12 cm se \u0161puntem<br \/>\nPr\u016fm\u011br: 9 cm<br \/>\nObjem: 200 ml<\/p>\n","protected":false},"excerpt":{"rendered":"<p>Mal\u00e1 karafa na ocet, olej \u010di jin\u00e9 dochucovadlo. Stav: perfektn\u00ed Rozm\u011br: V\u00fd\u0161ka: 8 cm, 12 cm se \u0161puntem Pr\u016fm\u011br: 9<\/p>\n","protected":false},"featured_media":6830,"template":"","meta":[],"product_brand":[153],"product_cat":[91],"product_tag":[],"class_list":{"0":"post-6829","1":"product","2":"type-product","3":"status-publish","4":"has-post-thumbnail","6":"product_brand-eterle-cz","7":"product_cat-prodane","9":"first","10":"outofstock","11":"purchasable","12":"product-type-simple"},"_links":{"self":[{"href":"https:\/\/eterle.cz\/eshop\/wp-json\/wp\/v2\/product\/6829","targetHints":{"allow":["GET"]}}],"collection":[{"href":"https:\/\/eterle.cz\/eshop\/wp-json\/wp\/v2\/product"}],"about":[{"href":"https:\/\/eterle.cz\/eshop\/wp-json\/wp\/v2\/types\/product"}],"version-history":[{"count":0,"href":"https:\/\/eterle.cz\/eshop\/wp-json\/wp\/v2\/product\/6829\/revisions"}],"wp:featuredmedia":[{"embeddable":true,"href":"https:\/\/eterle.cz\/eshop\/wp-json\/wp\/v2\/media\/6830"}],"wp:attachment":[{"href":"https:\/\/eterle.cz\/eshop\/wp-json\/wp\/v2\/media?parent=6829"}],"wp:term":[{"taxonomy":"product_brand","embeddable":true,"href":"https:\/\/eterle.cz\/eshop\/wp-json\/wp\/v2\/product_brand?post=6829"},{"taxonomy":"product_cat","embeddable":true,"href":"https:\/\/eterle.cz\/eshop\/wp-json\/wp\/v2\/product_cat?post=6829"},{"taxonomy":"product_tag","embeddable":true,"href":"https:\/\/eterle.cz\/eshop\/wp-json\/wp\/v2\/product_tag?post=6829"}],"curies":[{"name":"wp","href":"https:\/\/api.w.org\/{rel}","templated":true}]}}