{"id":6855,"date":"2021-06-02T20:59:00","date_gmt":"2021-06-02T18:59:00","guid":{"rendered":"https:\/\/eterle.cz\/eshopprodukt\/karafa-3\/"},"modified":"2025-02-16T03:05:52","modified_gmt":"2025-02-16T02:05:52","slug":"karafa-3","status":"publish","type":"product","link":"https:\/\/eterle.cz\/eshop\/produkt\/karafa-3\/","title":{"rendered":"Karafa"},"content":{"rendered":"<p>Rozal\u00ednov\u00e1 karafa ve stylu art deco s brou\u0161en\u00fdm hrdlem. Vhodn\u00e1 na d\u00e1msk\u00fd lik\u00e9r nebo jen tak na dekoraci mezi skleni\u010dky.<\/p>\n<p>Stav: perfektn\u00ed<br \/>\nRozm\u011br:<br \/>\nV\u00fd\u0161ka: 13,5 cm, 19 cm se \u0161puntem<br \/>\nPr\u016fm\u011br: 10 cm<br \/>\nObjem: 480 ml<\/p>\n","protected":false},"excerpt":{"rendered":"<p>Rozal\u00ednov\u00e1 karafa ve stylu art deco s brou\u0161en\u00fdm hrdlem. Vhodn\u00e1 na d\u00e1msk\u00fd lik\u00e9r nebo jen tak na dekoraci mezi skleni\u010dky.<\/p>\n","protected":false},"featured_media":6856,"template":"","meta":[],"product_brand":[153],"product_cat":[91],"product_tag":[],"class_list":{"0":"post-6855","1":"product","2":"type-product","3":"status-publish","4":"has-post-thumbnail","6":"product_brand-eterle-cz","7":"product_cat-prodane","9":"first","10":"outofstock","11":"purchasable","12":"product-type-simple"},"_links":{"self":[{"href":"https:\/\/eterle.cz\/eshop\/wp-json\/wp\/v2\/product\/6855","targetHints":{"allow":["GET"]}}],"collection":[{"href":"https:\/\/eterle.cz\/eshop\/wp-json\/wp\/v2\/product"}],"about":[{"href":"https:\/\/eterle.cz\/eshop\/wp-json\/wp\/v2\/types\/product"}],"version-history":[{"count":0,"href":"https:\/\/eterle.cz\/eshop\/wp-json\/wp\/v2\/product\/6855\/revisions"}],"wp:featuredmedia":[{"embeddable":true,"href":"https:\/\/eterle.cz\/eshop\/wp-json\/wp\/v2\/media\/6856"}],"wp:attachment":[{"href":"https:\/\/eterle.cz\/eshop\/wp-json\/wp\/v2\/media?parent=6855"}],"wp:term":[{"taxonomy":"product_brand","embeddable":true,"href":"https:\/\/eterle.cz\/eshop\/wp-json\/wp\/v2\/product_brand?post=6855"},{"taxonomy":"product_cat","embeddable":true,"href":"https:\/\/eterle.cz\/eshop\/wp-json\/wp\/v2\/product_cat?post=6855"},{"taxonomy":"product_tag","embeddable":true,"href":"https:\/\/eterle.cz\/eshop\/wp-json\/wp\/v2\/product_tag?post=6855"}],"curies":[{"name":"wp","href":"https:\/\/api.w.org\/{rel}","templated":true}]}}