{"id":6865,"date":"2021-06-02T20:59:25","date_gmt":"2021-06-02T18:59:25","guid":{"rendered":"https:\/\/eterle.cz\/eshopprodukt\/karafa-4\/"},"modified":"2025-02-16T03:05:51","modified_gmt":"2025-02-16T02:05:51","slug":"karafa-4","status":"publish","type":"product","link":"https:\/\/eterle.cz\/eshop\/produkt\/karafa-4\/","title":{"rendered":"Karafa"},"content":{"rendered":"<p>Hladk\u00e1 karafa se zabrou\u0161en\u00fdm \u0161puntem. M\u016f\u017ee poch\u00e1zet z 50. let a\u017e po sou\u010dasnost. Je naprosto nad\u010dasov\u00e1 v kvalitn\u00edm proveden\u00ed.<\/p>\n<p>Stav: perfektn\u00ed<br \/>\nRozm\u011br:<br \/>\nV\u00fd\u0161ka: 14 cm, 18 cm se \u0161puntem<br \/>\nPr\u016fm\u011br: 7 cm<br \/>\nObjem: 380 ml<\/p>\n","protected":false},"excerpt":{"rendered":"<p>Hladk\u00e1 karafa se zabrou\u0161en\u00fdm \u0161puntem. M\u016f\u017ee poch\u00e1zet z 50. let a\u017e po sou\u010dasnost. Je naprosto nad\u010dasov\u00e1 v kvalitn\u00edm proveden\u00ed. Stav:<\/p>\n","protected":false},"featured_media":6866,"template":"","meta":[],"product_brand":[153],"product_cat":[91],"product_tag":[],"class_list":{"0":"post-6865","1":"product","2":"type-product","3":"status-publish","4":"has-post-thumbnail","6":"product_brand-eterle-cz","7":"product_cat-prodane","9":"first","10":"outofstock","11":"purchasable","12":"product-type-simple"},"_links":{"self":[{"href":"https:\/\/eterle.cz\/eshop\/wp-json\/wp\/v2\/product\/6865","targetHints":{"allow":["GET"]}}],"collection":[{"href":"https:\/\/eterle.cz\/eshop\/wp-json\/wp\/v2\/product"}],"about":[{"href":"https:\/\/eterle.cz\/eshop\/wp-json\/wp\/v2\/types\/product"}],"version-history":[{"count":0,"href":"https:\/\/eterle.cz\/eshop\/wp-json\/wp\/v2\/product\/6865\/revisions"}],"wp:featuredmedia":[{"embeddable":true,"href":"https:\/\/eterle.cz\/eshop\/wp-json\/wp\/v2\/media\/6866"}],"wp:attachment":[{"href":"https:\/\/eterle.cz\/eshop\/wp-json\/wp\/v2\/media?parent=6865"}],"wp:term":[{"taxonomy":"product_brand","embeddable":true,"href":"https:\/\/eterle.cz\/eshop\/wp-json\/wp\/v2\/product_brand?post=6865"},{"taxonomy":"product_cat","embeddable":true,"href":"https:\/\/eterle.cz\/eshop\/wp-json\/wp\/v2\/product_cat?post=6865"},{"taxonomy":"product_tag","embeddable":true,"href":"https:\/\/eterle.cz\/eshop\/wp-json\/wp\/v2\/product_tag?post=6865"}],"curies":[{"name":"wp","href":"https:\/\/api.w.org\/{rel}","templated":true}]}}