{"id":6881,"date":"2021-06-02T20:59:53","date_gmt":"2021-06-02T18:59:53","guid":{"rendered":"https:\/\/eterle.cz\/eshopprodukt\/sklenicka-na-vino\/"},"modified":"2025-06-24T01:51:54","modified_gmt":"2025-06-23T23:51:54","slug":"sklenicka-na-vino","status":"publish","type":"product","link":"https:\/\/eterle.cz\/eshop\/produkt\/sklenicka-na-vino\/","title":{"rendered":"Sada sklenic na v\u00edno"},"content":{"rendered":"<p>Zde si p\u0159ijdou na chu\u0165 skute\u010dn\u00ed milovn\u00edci retra. Sada sklenic na v\u00edno (6 kus\u016f) z obdob\u00ed socialismu s decentn\u00edm zlat\u00fdm vzorem.<\/p>\n<p>Stav: perfektn\u00ed<br \/>\nRozm\u011br:<br \/>\nV\u00fd\u0161ka: 12 cm<br \/>\nPr\u016fm\u011br: 5 cm<br \/>\nObjem: 110 ml<\/p>\n","protected":false},"excerpt":{"rendered":"<p>Zde si p\u0159ijdou na chu\u0165 skute\u010dn\u00ed milovn\u00edci retra. Sada sklenic na v\u00edno (6 kus\u016f) z obdob\u00ed socialismu s decentn\u00edm zlat\u00fdm<\/p>\n","protected":false},"featured_media":6882,"template":"","meta":[],"product_brand":[153],"product_cat":[75,134],"product_tag":[],"class_list":{"0":"post-6881","1":"product","2":"type-product","3":"status-publish","4":"has-post-thumbnail","6":"product_brand-eterle-cz","7":"product_cat-sklo","8":"product_cat-sklenice","10":"first","11":"instock","12":"purchasable","13":"product-type-simple"},"_links":{"self":[{"href":"https:\/\/eterle.cz\/eshop\/wp-json\/wp\/v2\/product\/6881","targetHints":{"allow":["GET"]}}],"collection":[{"href":"https:\/\/eterle.cz\/eshop\/wp-json\/wp\/v2\/product"}],"about":[{"href":"https:\/\/eterle.cz\/eshop\/wp-json\/wp\/v2\/types\/product"}],"version-history":[{"count":1,"href":"https:\/\/eterle.cz\/eshop\/wp-json\/wp\/v2\/product\/6881\/revisions"}],"predecessor-version":[{"id":26124,"href":"https:\/\/eterle.cz\/eshop\/wp-json\/wp\/v2\/product\/6881\/revisions\/26124"}],"wp:featuredmedia":[{"embeddable":true,"href":"https:\/\/eterle.cz\/eshop\/wp-json\/wp\/v2\/media\/6882"}],"wp:attachment":[{"href":"https:\/\/eterle.cz\/eshop\/wp-json\/wp\/v2\/media?parent=6881"}],"wp:term":[{"taxonomy":"product_brand","embeddable":true,"href":"https:\/\/eterle.cz\/eshop\/wp-json\/wp\/v2\/product_brand?post=6881"},{"taxonomy":"product_cat","embeddable":true,"href":"https:\/\/eterle.cz\/eshop\/wp-json\/wp\/v2\/product_cat?post=6881"},{"taxonomy":"product_tag","embeddable":true,"href":"https:\/\/eterle.cz\/eshop\/wp-json\/wp\/v2\/product_tag?post=6881"}],"curies":[{"name":"wp","href":"https:\/\/api.w.org\/{rel}","templated":true}]}}