{"id":6909,"date":"2021-06-02T21:00:56","date_gmt":"2021-06-02T19:00:56","guid":{"rendered":"https:\/\/eterle.cz\/eshopprodukt\/porcelanova-vaza-thomas\/"},"modified":"2025-02-16T03:05:00","modified_gmt":"2025-02-16T02:05:00","slug":"porcelanova-vaza-thomas","status":"publish","type":"product","link":"https:\/\/eterle.cz\/eshop\/produkt\/porcelanova-vaza-thomas\/","title":{"rendered":"Porcel\u00e1nov\u00e1 v\u00e1za \/ Thomas"},"content":{"rendered":"<p>Porcel\u00e1n zna\u010dky Thomas z na\u0161eho eshopu u\u017e asi dob\u0159e zn\u00e1te. Jedn\u00e1 se o n\u011bmeckou porcel\u00e1nku ze skupiny Rosenthal. I tato v\u00e1za p\u0159edstavuje \u010dist\u00fd, mladistv\u00fd design a vysokou kvalitu. Sv\u00e9 m\u00edsto najde ve v\u011bt\u0161in\u011b interi\u00e9r\u016f, od klasick\u00fdch po ty modern\u00ed, z\u00e1le\u017e\u00ed, jak\u00fd v\u00e1raz j\u00ed sv\u00fdm aran\u017em\u00e1 prop\u016fj\u010d\u00edte.<\/p>\n<p>Stav: perfektn\u00ed<br \/>\nZna\u010dka: Thomas<br \/>\nRozm\u011br<br \/>\nHorn\u00ed rozm\u011br: 12 x 21,5 cm<br \/>\nDoln\u00ed pr\u016fm\u011br: 10,5 cm<br \/>\nV\u00fd\u0161ka: 22 cm<\/p>\n","protected":false},"excerpt":{"rendered":"<p>Porcel\u00e1n zna\u010dky Thomas z na\u0161eho eshopu u\u017e asi dob\u0159e zn\u00e1te. Jedn\u00e1 se o n\u011bmeckou porcel\u00e1nku ze skupiny Rosenthal. I tato<\/p>\n","protected":false},"featured_media":13426,"template":"","meta":[],"product_brand":[153],"product_cat":[91],"product_tag":[],"class_list":{"0":"post-6909","1":"product","2":"type-product","3":"status-publish","4":"has-post-thumbnail","6":"product_brand-eterle-cz","7":"product_cat-prodane","9":"first","10":"outofstock","11":"purchasable","12":"product-type-simple"},"_links":{"self":[{"href":"https:\/\/eterle.cz\/eshop\/wp-json\/wp\/v2\/product\/6909","targetHints":{"allow":["GET"]}}],"collection":[{"href":"https:\/\/eterle.cz\/eshop\/wp-json\/wp\/v2\/product"}],"about":[{"href":"https:\/\/eterle.cz\/eshop\/wp-json\/wp\/v2\/types\/product"}],"version-history":[{"count":0,"href":"https:\/\/eterle.cz\/eshop\/wp-json\/wp\/v2\/product\/6909\/revisions"}],"wp:featuredmedia":[{"embeddable":true,"href":"https:\/\/eterle.cz\/eshop\/wp-json\/wp\/v2\/media\/13426"}],"wp:attachment":[{"href":"https:\/\/eterle.cz\/eshop\/wp-json\/wp\/v2\/media?parent=6909"}],"wp:term":[{"taxonomy":"product_brand","embeddable":true,"href":"https:\/\/eterle.cz\/eshop\/wp-json\/wp\/v2\/product_brand?post=6909"},{"taxonomy":"product_cat","embeddable":true,"href":"https:\/\/eterle.cz\/eshop\/wp-json\/wp\/v2\/product_cat?post=6909"},{"taxonomy":"product_tag","embeddable":true,"href":"https:\/\/eterle.cz\/eshop\/wp-json\/wp\/v2\/product_tag?post=6909"}],"curies":[{"name":"wp","href":"https:\/\/api.w.org\/{rel}","templated":true}]}}