{"id":7461,"date":"2021-10-20T22:36:23","date_gmt":"2021-10-20T20:36:23","guid":{"rendered":"https:\/\/eterle.cz\/eshop\/produkt\/kovovy-svicen\/"},"modified":"2025-12-21T14:52:18","modified_gmt":"2025-12-21T13:52:18","slug":"kovovy-svicen","status":"publish","type":"product","link":"https:\/\/eterle.cz\/eshop\/produkt\/kovovy-svicen\/","title":{"rendered":"Kovov\u00fd sv\u00edcen"},"content":{"rendered":"<p>Kovov\u00fd sv\u00edcen ve vintage stylu v lahvov\u011b zelen\u00e9 barv\u011b v\u00e1m v kombinaci s \u010dervenou sv\u00ed\u010dkou ihned navod\u00ed v\u00e1no\u010dn\u00ed atmosf\u00e9ru.<\/p>\n<p>Stav: velmi dobr\u00fd<br \/>\nRozm\u011br<br \/>\nV\u00fd\u0161ka: 27,5 cm<br \/>\nPr\u016fm\u011br otovru: 2 cm<\/p>\n","protected":false},"excerpt":{"rendered":"<p>Kovov\u00fd sv\u00edcen ve vintage stylu v lahvov\u011b zelen\u00e9 barv\u011b v\u00e1m v kombinaci s \u010dervenou sv\u00ed\u010dkou ihned navod\u00ed v\u00e1no\u010dn\u00ed atmosf\u00e9ru. Stav:<\/p>\n","protected":false},"featured_media":7286,"template":"","meta":[],"product_brand":[153],"product_cat":[91],"product_tag":[],"class_list":{"0":"post-7461","1":"product","2":"type-product","3":"status-publish","4":"has-post-thumbnail","6":"product_brand-eterle-cz","7":"product_cat-prodane","9":"first","10":"outofstock","11":"purchasable","12":"product-type-simple"},"_links":{"self":[{"href":"https:\/\/eterle.cz\/eshop\/wp-json\/wp\/v2\/product\/7461","targetHints":{"allow":["GET"]}}],"collection":[{"href":"https:\/\/eterle.cz\/eshop\/wp-json\/wp\/v2\/product"}],"about":[{"href":"https:\/\/eterle.cz\/eshop\/wp-json\/wp\/v2\/types\/product"}],"version-history":[{"count":2,"href":"https:\/\/eterle.cz\/eshop\/wp-json\/wp\/v2\/product\/7461\/revisions"}],"predecessor-version":[{"id":26122,"href":"https:\/\/eterle.cz\/eshop\/wp-json\/wp\/v2\/product\/7461\/revisions\/26122"}],"wp:featuredmedia":[{"embeddable":true,"href":"https:\/\/eterle.cz\/eshop\/wp-json\/wp\/v2\/media\/7286"}],"wp:attachment":[{"href":"https:\/\/eterle.cz\/eshop\/wp-json\/wp\/v2\/media?parent=7461"}],"wp:term":[{"taxonomy":"product_brand","embeddable":true,"href":"https:\/\/eterle.cz\/eshop\/wp-json\/wp\/v2\/product_brand?post=7461"},{"taxonomy":"product_cat","embeddable":true,"href":"https:\/\/eterle.cz\/eshop\/wp-json\/wp\/v2\/product_cat?post=7461"},{"taxonomy":"product_tag","embeddable":true,"href":"https:\/\/eterle.cz\/eshop\/wp-json\/wp\/v2\/product_tag?post=7461"}],"curies":[{"name":"wp","href":"https:\/\/api.w.org\/{rel}","templated":true}]}}