{"id":7463,"date":"2021-10-20T22:36:26","date_gmt":"2021-10-20T20:36:26","guid":{"rendered":"https:\/\/eterle.cz\/eshop\/produkt\/litinovy-stojan-na-stromecek-velky\/"},"modified":"2025-02-16T03:04:48","modified_gmt":"2025-02-16T02:04:48","slug":"litinovy-stojan-na-stromecek-velky","status":"publish","type":"product","link":"https:\/\/eterle.cz\/eshop\/produkt\/litinovy-stojan-na-stromecek-velky\/","title":{"rendered":"Litinov\u00fd stojan na strome\u010dek (velk\u00fd)"},"content":{"rendered":"<p>Staro\u017eitn\u00fd litinov\u00fd stojan na v\u00e1no\u010dn\u00ed strome\u010dek byl p\u0159ed v\u00e1lkou snad v ka\u017ed\u00e9 dom\u00e1cnosti. Mo\u017en\u00e1 jste ho na p\u016fd\u011b u babi\u010dky objevili tak\u00e9 a pokud ne a tou\u017e\u00edte po n\u011bm, tak jej m\u00e1me v n\u011bkolika velikostech. Skl\u00e1d\u00e1 se ze 4 d\u00edl\u016f (je rozkl\u00e1dac\u00ed) a dvou \u0161roub\u016f pro uchycen\u00ed strome\u010dku.<\/p>\n<p>Stav: patina, m\u00edsty rez<br \/>\nRozm\u011br<br \/>\nV\u00fd\u0161ka: 27 cm<br \/>\nPr\u016fm\u011br otvoru: 4 cm<\/p>\n","protected":false},"excerpt":{"rendered":"<p>Staro\u017eitn\u00fd litinov\u00fd stojan na v\u00e1no\u010dn\u00ed strome\u010dek byl p\u0159ed v\u00e1lkou snad v ka\u017ed\u00e9 dom\u00e1cnosti. Mo\u017en\u00e1 jste ho na p\u016fd\u011b u babi\u010dky<\/p>\n","protected":false},"featured_media":7297,"template":"","meta":[],"product_brand":[153],"product_cat":[91],"product_tag":[],"class_list":{"0":"post-7463","1":"product","2":"type-product","3":"status-publish","4":"has-post-thumbnail","6":"product_brand-eterle-cz","7":"product_cat-prodane","9":"first","10":"outofstock","11":"purchasable","12":"product-type-simple"},"_links":{"self":[{"href":"https:\/\/eterle.cz\/eshop\/wp-json\/wp\/v2\/product\/7463","targetHints":{"allow":["GET"]}}],"collection":[{"href":"https:\/\/eterle.cz\/eshop\/wp-json\/wp\/v2\/product"}],"about":[{"href":"https:\/\/eterle.cz\/eshop\/wp-json\/wp\/v2\/types\/product"}],"version-history":[{"count":0,"href":"https:\/\/eterle.cz\/eshop\/wp-json\/wp\/v2\/product\/7463\/revisions"}],"wp:featuredmedia":[{"embeddable":true,"href":"https:\/\/eterle.cz\/eshop\/wp-json\/wp\/v2\/media\/7297"}],"wp:attachment":[{"href":"https:\/\/eterle.cz\/eshop\/wp-json\/wp\/v2\/media?parent=7463"}],"wp:term":[{"taxonomy":"product_brand","embeddable":true,"href":"https:\/\/eterle.cz\/eshop\/wp-json\/wp\/v2\/product_brand?post=7463"},{"taxonomy":"product_cat","embeddable":true,"href":"https:\/\/eterle.cz\/eshop\/wp-json\/wp\/v2\/product_cat?post=7463"},{"taxonomy":"product_tag","embeddable":true,"href":"https:\/\/eterle.cz\/eshop\/wp-json\/wp\/v2\/product_tag?post=7463"}],"curies":[{"name":"wp","href":"https:\/\/api.w.org\/{rel}","templated":true}]}}