{"id":7464,"date":"2021-10-20T22:36:28","date_gmt":"2021-10-20T20:36:28","guid":{"rendered":"https:\/\/eterle.cz\/eshop\/produkt\/litinovy-stojan-na-stromecek-stribrny\/"},"modified":"2025-02-16T03:04:48","modified_gmt":"2025-02-16T02:04:48","slug":"litinovy-stojan-na-stromecek-stribrny","status":"publish","type":"product","link":"https:\/\/eterle.cz\/eshop\/produkt\/litinovy-stojan-na-stromecek-stribrny\/","title":{"rendered":"Litinov\u00fd stojan na strome\u010dek (st\u0159\u00edbrn\u00fd)"},"content":{"rendered":"<p style=\"text-align: left;\">Staro\u017eitn\u00fd litinov\u00fd stojan na v\u00e1no\u010dn\u00ed strome\u010dek ve st\u0159\u00edbrn\u00e9 barv\u011b. Skl\u00e1d\u00e1 se ze 4 d\u00edl\u016f a jednoho \u0161roubu pro uchycen\u00ed strome\u010dku. Svou barvou je atypick\u00fd.<\/p>\n<p>Stav: jemn\u00e1 patina<br \/>\nRozm\u011br<br \/>\nV\u00fd\u0161ka: 26 cm<br \/>\nPr\u016fm\u011br otvoru: 4 cm<\/p>\n","protected":false},"excerpt":{"rendered":"<p>Staro\u017eitn\u00fd litinov\u00fd stojan na v\u00e1no\u010dn\u00ed strome\u010dek ve st\u0159\u00edbrn\u00e9 barv\u011b. Skl\u00e1d\u00e1 se ze 4 d\u00edl\u016f a jednoho \u0161roubu pro uchycen\u00ed strome\u010dku.<\/p>\n","protected":false},"featured_media":7302,"template":"","meta":[],"product_brand":[153],"product_cat":[91],"product_tag":[],"class_list":{"0":"post-7464","1":"product","2":"type-product","3":"status-publish","4":"has-post-thumbnail","6":"product_brand-eterle-cz","7":"product_cat-prodane","9":"first","10":"outofstock","11":"purchasable","12":"product-type-simple"},"_links":{"self":[{"href":"https:\/\/eterle.cz\/eshop\/wp-json\/wp\/v2\/product\/7464","targetHints":{"allow":["GET"]}}],"collection":[{"href":"https:\/\/eterle.cz\/eshop\/wp-json\/wp\/v2\/product"}],"about":[{"href":"https:\/\/eterle.cz\/eshop\/wp-json\/wp\/v2\/types\/product"}],"version-history":[{"count":0,"href":"https:\/\/eterle.cz\/eshop\/wp-json\/wp\/v2\/product\/7464\/revisions"}],"wp:featuredmedia":[{"embeddable":true,"href":"https:\/\/eterle.cz\/eshop\/wp-json\/wp\/v2\/media\/7302"}],"wp:attachment":[{"href":"https:\/\/eterle.cz\/eshop\/wp-json\/wp\/v2\/media?parent=7464"}],"wp:term":[{"taxonomy":"product_brand","embeddable":true,"href":"https:\/\/eterle.cz\/eshop\/wp-json\/wp\/v2\/product_brand?post=7464"},{"taxonomy":"product_cat","embeddable":true,"href":"https:\/\/eterle.cz\/eshop\/wp-json\/wp\/v2\/product_cat?post=7464"},{"taxonomy":"product_tag","embeddable":true,"href":"https:\/\/eterle.cz\/eshop\/wp-json\/wp\/v2\/product_tag?post=7464"}],"curies":[{"name":"wp","href":"https:\/\/api.w.org\/{rel}","templated":true}]}}