{"id":7471,"date":"2021-10-20T22:36:39","date_gmt":"2021-10-20T20:36:39","guid":{"rendered":"https:\/\/eterle.cz\/eshop\/produkt\/stolicka\/"},"modified":"2025-02-16T03:04:45","modified_gmt":"2025-02-16T02:04:45","slug":"stolicka","status":"publish","type":"product","link":"https:\/\/eterle.cz\/eshop\/produkt\/stolicka\/","title":{"rendered":"Stoli\u010dka"},"content":{"rendered":"<p>Retro stoli\u010dka ze 70. let m\u00e1 mnoho zp\u016fsob\u016f vyu\u017eit\u00ed. Bude hezk\u00fdm dopl\u0148kem k\u0159esla, ocen\u00ed ji unaven\u00e9 nohy nebo \u010dlov\u011bk p\u0159i p\u0159ezouv\u00e1n\u00ed bot. Zrovna tak na ni m\u016f\u017eete p\u0159i p\u0159\u00edchodu dom\u016f odlo\u017eit kabelku. Mal\u00fd kus n\u00e1bytku s univerz\u00e1ln\u00edm vyu\u017e\u00edt\u00edm.<\/p>\n<p>Stav: zachoval\u00fd p\u016fvodn\u00ed stav<br \/>\nRozm\u011br<br \/>\nV\u00fd\u0161ka: 45 cm<br \/>\n\u0160\u00ed\u0159ka: 51 cm<br \/>\nHloubka: 36 cm<\/p>\n","protected":false},"excerpt":{"rendered":"<p>Retro stoli\u010dka ze 70. let m\u00e1 mnoho zp\u016fsob\u016f vyu\u017eit\u00ed. Bude hezk\u00fdm dopl\u0148kem k\u0159esla, ocen\u00ed ji unaven\u00e9 nohy nebo \u010dlov\u011bk p\u0159i<\/p>\n","protected":false},"featured_media":7336,"template":"","meta":[],"product_brand":[153],"product_cat":[91],"product_tag":[],"class_list":{"0":"post-7471","1":"product","2":"type-product","3":"status-publish","4":"has-post-thumbnail","6":"product_brand-eterle-cz","7":"product_cat-prodane","8":"product_shipping_class-nadrozmerne","10":"first","11":"outofstock","12":"purchasable","13":"product-type-simple"},"_links":{"self":[{"href":"https:\/\/eterle.cz\/eshop\/wp-json\/wp\/v2\/product\/7471","targetHints":{"allow":["GET"]}}],"collection":[{"href":"https:\/\/eterle.cz\/eshop\/wp-json\/wp\/v2\/product"}],"about":[{"href":"https:\/\/eterle.cz\/eshop\/wp-json\/wp\/v2\/types\/product"}],"version-history":[{"count":0,"href":"https:\/\/eterle.cz\/eshop\/wp-json\/wp\/v2\/product\/7471\/revisions"}],"wp:featuredmedia":[{"embeddable":true,"href":"https:\/\/eterle.cz\/eshop\/wp-json\/wp\/v2\/media\/7336"}],"wp:attachment":[{"href":"https:\/\/eterle.cz\/eshop\/wp-json\/wp\/v2\/media?parent=7471"}],"wp:term":[{"taxonomy":"product_brand","embeddable":true,"href":"https:\/\/eterle.cz\/eshop\/wp-json\/wp\/v2\/product_brand?post=7471"},{"taxonomy":"product_cat","embeddable":true,"href":"https:\/\/eterle.cz\/eshop\/wp-json\/wp\/v2\/product_cat?post=7471"},{"taxonomy":"product_tag","embeddable":true,"href":"https:\/\/eterle.cz\/eshop\/wp-json\/wp\/v2\/product_tag?post=7471"}],"curies":[{"name":"wp","href":"https:\/\/api.w.org\/{rel}","templated":true}]}}