{"id":7475,"date":"2021-10-20T22:36:45","date_gmt":"2021-10-20T20:36:45","guid":{"rendered":"https:\/\/eterle.cz\/eshop\/produkt\/stolek-s-modrym-detailem-eterle\/"},"modified":"2025-02-16T03:04:44","modified_gmt":"2025-02-16T02:04:44","slug":"stolek-s-modrym-detailem-eterle","status":"publish","type":"product","link":"https:\/\/eterle.cz\/eshop\/produkt\/stolek-s-modrym-detailem-eterle\/","title":{"rendered":"Stolek s modr\u00fdm detailem \/ Eterle"},"content":{"rendered":"<p>Kulat\u00fd konferen\u010dn\u00ed stolek z jasanu poch\u00e1z\u00ed z na\u0161\u00ed d\u00edlny. M\u00e1 velmi modern\u00ed r\u00e1z, ale tvarem nohou p\u0159ipom\u00edna styl brusel. Modr\u00e1 barva kovov\u00fdch prvk\u016f se opakuje na hran\u011b stolu, kter\u00e1 je ze\u0161ikmena.<\/p>\n<p>Stav: dobr\u00fd.<br \/>\nRozm\u011br<br \/>\nV\u00fd\u0161ka: 57 cm<br \/>\nPr\u016fm\u011br: 86 cm<\/p>\n","protected":false},"excerpt":{"rendered":"<p>Kulat\u00fd konferen\u010dn\u00ed stolek z jasanu poch\u00e1z\u00ed z na\u0161\u00ed d\u00edlny. M\u00e1 velmi modern\u00ed r\u00e1z, ale tvarem nohou p\u0159ipom\u00edna styl brusel. Modr\u00e1<\/p>\n","protected":false},"featured_media":7363,"template":"","meta":[],"product_brand":[153],"product_cat":[91],"product_tag":[],"class_list":{"0":"post-7475","1":"product","2":"type-product","3":"status-publish","4":"has-post-thumbnail","6":"product_brand-eterle-cz","7":"product_cat-prodane","8":"product_shipping_class-nadrozmerne","10":"first","11":"outofstock","12":"purchasable","13":"product-type-simple"},"_links":{"self":[{"href":"https:\/\/eterle.cz\/eshop\/wp-json\/wp\/v2\/product\/7475","targetHints":{"allow":["GET"]}}],"collection":[{"href":"https:\/\/eterle.cz\/eshop\/wp-json\/wp\/v2\/product"}],"about":[{"href":"https:\/\/eterle.cz\/eshop\/wp-json\/wp\/v2\/types\/product"}],"version-history":[{"count":0,"href":"https:\/\/eterle.cz\/eshop\/wp-json\/wp\/v2\/product\/7475\/revisions"}],"wp:featuredmedia":[{"embeddable":true,"href":"https:\/\/eterle.cz\/eshop\/wp-json\/wp\/v2\/media\/7363"}],"wp:attachment":[{"href":"https:\/\/eterle.cz\/eshop\/wp-json\/wp\/v2\/media?parent=7475"}],"wp:term":[{"taxonomy":"product_brand","embeddable":true,"href":"https:\/\/eterle.cz\/eshop\/wp-json\/wp\/v2\/product_brand?post=7475"},{"taxonomy":"product_cat","embeddable":true,"href":"https:\/\/eterle.cz\/eshop\/wp-json\/wp\/v2\/product_cat?post=7475"},{"taxonomy":"product_tag","embeddable":true,"href":"https:\/\/eterle.cz\/eshop\/wp-json\/wp\/v2\/product_tag?post=7475"}],"curies":[{"name":"wp","href":"https:\/\/api.w.org\/{rel}","templated":true}]}}