{"id":7476,"date":"2021-10-20T22:36:47","date_gmt":"2021-10-20T20:36:47","guid":{"rendered":"https:\/\/eterle.cz\/eshop\/produkt\/televizni-stolek-jitona\/"},"modified":"2025-02-16T03:04:44","modified_gmt":"2025-02-16T02:04:44","slug":"televizni-stolek-jitona","status":"publish","type":"product","link":"https:\/\/eterle.cz\/eshop\/produkt\/televizni-stolek-jitona\/","title":{"rendered":"Televizn\u00ed stolek \/ Jitona"},"content":{"rendered":"<p>Kr\u00e1sn\u00fd televizn\u00ed stolek ze 70. let 20. stolet\u00ed z tov\u00e1rny Jitona, n.p. Sob\u011bslav, z\u00e1vor Star\u00fd Plzenec. Pod horn\u00ed deskou m\u00e1 mal\u00fd \u00falo\u017en\u00fd prostor t\u0159eba na ovlada\u010d na televizi. Pokud byste jej ale vyu\u017eili jako konferen\u010dn\u00ed stolek, m\u016f\u017eete si do poli\u010dky odlo\u017eit t\u0159eba \u010dasopisy.<\/p>\n<p>Stav: zachoval\u00fd p\u016fvodn\u00ed stav. Horn\u00ed deska v krs\u00e1n\u00e9m stavu. Pouze z boku \u010di zespodu m\u00edsty odloupnut\u00e1 d\u00fdha.<br \/>\nZna\u010dka: Jitona<br \/>\nV\u00fd\u0161ka: 60 cm<br \/>\n\u0160\u00ed\u0159ka: 68 a 60 cm (nejv\u011bt\u0161\u00ed a nejmen\u0161\u00ed)<br \/>\nHloubka: 50 a 46 cm (nejv\u011bt\u0161\u00ed a nejmen\u0161\u00ed)<\/p>\n","protected":false},"excerpt":{"rendered":"<p>Kr\u00e1sn\u00fd televizn\u00ed stolek ze 70. let 20. stolet\u00ed z tov\u00e1rny Jitona, n.p. Sob\u011bslav, z\u00e1vor Star\u00fd Plzenec. Pod horn\u00ed deskou m\u00e1<\/p>\n","protected":false},"featured_media":7368,"template":"","meta":[],"product_brand":[153],"product_cat":[91],"product_tag":[],"class_list":{"0":"post-7476","1":"product","2":"type-product","3":"status-publish","4":"has-post-thumbnail","6":"product_brand-eterle-cz","7":"product_cat-prodane","8":"product_shipping_class-nadrozmerne","10":"first","11":"outofstock","12":"sale","13":"purchasable","14":"product-type-simple"},"_links":{"self":[{"href":"https:\/\/eterle.cz\/eshop\/wp-json\/wp\/v2\/product\/7476","targetHints":{"allow":["GET"]}}],"collection":[{"href":"https:\/\/eterle.cz\/eshop\/wp-json\/wp\/v2\/product"}],"about":[{"href":"https:\/\/eterle.cz\/eshop\/wp-json\/wp\/v2\/types\/product"}],"version-history":[{"count":1,"href":"https:\/\/eterle.cz\/eshop\/wp-json\/wp\/v2\/product\/7476\/revisions"}],"predecessor-version":[{"id":16752,"href":"https:\/\/eterle.cz\/eshop\/wp-json\/wp\/v2\/product\/7476\/revisions\/16752"}],"wp:featuredmedia":[{"embeddable":true,"href":"https:\/\/eterle.cz\/eshop\/wp-json\/wp\/v2\/media\/7368"}],"wp:attachment":[{"href":"https:\/\/eterle.cz\/eshop\/wp-json\/wp\/v2\/media?parent=7476"}],"wp:term":[{"taxonomy":"product_brand","embeddable":true,"href":"https:\/\/eterle.cz\/eshop\/wp-json\/wp\/v2\/product_brand?post=7476"},{"taxonomy":"product_cat","embeddable":true,"href":"https:\/\/eterle.cz\/eshop\/wp-json\/wp\/v2\/product_cat?post=7476"},{"taxonomy":"product_tag","embeddable":true,"href":"https:\/\/eterle.cz\/eshop\/wp-json\/wp\/v2\/product_tag?post=7476"}],"curies":[{"name":"wp","href":"https:\/\/api.w.org\/{rel}","templated":true}]}}