{"id":7477,"date":"2021-10-20T22:36:50","date_gmt":"2021-10-20T20:36:50","guid":{"rendered":"https:\/\/eterle.cz\/eshop\/produkt\/televizni-stolek-interier-praha\/"},"modified":"2025-02-16T03:04:43","modified_gmt":"2025-02-16T02:04:43","slug":"televizni-stolek-interier-praha","status":"publish","type":"product","link":"https:\/\/eterle.cz\/eshop\/produkt\/televizni-stolek-interier-praha\/","title":{"rendered":"Televizn\u00ed stolek \/ Interi\u00e9r Praha"},"content":{"rendered":"<p>Televizn\u00ed stolek se zdvojenou umakartovou deskou z d\u00edlny Interi\u00e9r Praha. Horn\u00ed deska je oto\u010dn\u00e1, aby si div\u00e1k mohl nato\u010dit televizor dle pot\u0159eby. Nohy jsou bukov\u00e9.<\/p>\n<p>Stav: zachoval\u00fd p\u016fvodn\u00ed stav. Nohy nesou na doln\u00ed \u010d\u00e1sti lehkou zn\u00e1mku patiny. Deska m\u00e1 z ur\u010dit\u00e9ho \u00fahlu vid\u011bt tmav\u0161\u00ed odlesk.<br \/>\nZna\u010dka: Interi\u00e9r Praha<br \/>\nV\u00fd\u0161ka: 62 cm<br \/>\n\u0160\u00ed\u0159ka: 61 cm<br \/>\nHloubka: 48 cm<\/p>\n","protected":false},"excerpt":{"rendered":"<p>Televizn\u00ed stolek se zdvojenou umakartovou deskou z d\u00edlny Interi\u00e9r Praha. Horn\u00ed deska je oto\u010dn\u00e1, aby si div\u00e1k mohl nato\u010dit televizor<\/p>\n","protected":false},"featured_media":7374,"template":"","meta":[],"product_brand":[153],"product_cat":[91],"product_tag":[],"class_list":{"0":"post-7477","1":"product","2":"type-product","3":"status-publish","4":"has-post-thumbnail","6":"product_brand-eterle-cz","7":"product_cat-prodane","8":"product_shipping_class-nadrozmerne","10":"first","11":"outofstock","12":"purchasable","13":"product-type-simple"},"_links":{"self":[{"href":"https:\/\/eterle.cz\/eshop\/wp-json\/wp\/v2\/product\/7477","targetHints":{"allow":["GET"]}}],"collection":[{"href":"https:\/\/eterle.cz\/eshop\/wp-json\/wp\/v2\/product"}],"about":[{"href":"https:\/\/eterle.cz\/eshop\/wp-json\/wp\/v2\/types\/product"}],"version-history":[{"count":1,"href":"https:\/\/eterle.cz\/eshop\/wp-json\/wp\/v2\/product\/7477\/revisions"}],"predecessor-version":[{"id":16756,"href":"https:\/\/eterle.cz\/eshop\/wp-json\/wp\/v2\/product\/7477\/revisions\/16756"}],"wp:featuredmedia":[{"embeddable":true,"href":"https:\/\/eterle.cz\/eshop\/wp-json\/wp\/v2\/media\/7374"}],"wp:attachment":[{"href":"https:\/\/eterle.cz\/eshop\/wp-json\/wp\/v2\/media?parent=7477"}],"wp:term":[{"taxonomy":"product_brand","embeddable":true,"href":"https:\/\/eterle.cz\/eshop\/wp-json\/wp\/v2\/product_brand?post=7477"},{"taxonomy":"product_cat","embeddable":true,"href":"https:\/\/eterle.cz\/eshop\/wp-json\/wp\/v2\/product_cat?post=7477"},{"taxonomy":"product_tag","embeddable":true,"href":"https:\/\/eterle.cz\/eshop\/wp-json\/wp\/v2\/product_tag?post=7477"}],"curies":[{"name":"wp","href":"https:\/\/api.w.org\/{rel}","templated":true}]}}