{"id":7482,"date":"2021-10-20T22:36:59","date_gmt":"2021-10-20T20:36:59","guid":{"rendered":"https:\/\/eterle.cz\/eshop\/produkt\/jidelni-zidle-par\/"},"modified":"2025-02-16T03:04:42","modified_gmt":"2025-02-16T02:04:42","slug":"jidelni-zidle-par","status":"publish","type":"product","link":"https:\/\/eterle.cz\/eshop\/produkt\/jidelni-zidle-par\/","title":{"rendered":"J\u00eddeln\u00ed \u017eidle  &#8211; p\u00e1r"},"content":{"rendered":"<p>Luxusn\u00ed j\u00eddeln\u00ed \u017eidle, kter\u00e9 i p\u0159es svoj\u00ed patinu neztr\u00e1cej\u00ed na eleganci. Byly sou\u010d\u00e1st\u00ed j\u00eddelny renomovan\u00e9 pr\u00e1vnick\u00e9 rodiny. \u017didle jsou z poloviny minul\u00e9ho stolet\u00ed s n\u00e1dech d\u00e1nsk\u00e9ho stylu. Maj\u00ed jednoduch\u00fd tvar, jsou minimalistick\u00e9, ale rozhodn\u011b ne nudn\u00e9. Odsazen\u00fd \u0161irok\u00fd sed\u00e1k, tvarovan\u00e9 p\u0159\u00ed\u010dky na op\u011bradle \u010di tvar lomu op\u011bradla pozorn\u00e9 oko jist\u011b ocen\u00ed. Unik\u00e1tn\u00ed je u takto neobvykl\u00fdch \u017eidl\u00ed i po\u010det, nebo\u0165 se dochovalo 6 kus\u016f.<\/p>\n<p>Stav: p\u016fvodn\u00ed zachoval\u00fd stav s patinou.<br \/>\nRozm\u011br<br \/>\nV\u00fd\u0161ka: 87 cm<br \/>\nV\u00fd\u0161ka sed\u00e1ku: 47 cm<br \/>\n\u0160\u00ed\u0159a sed\u00e1ku: 44 cm<br \/>\nHloubka sed\u00e1ku: 41 cm<\/p>\n","protected":false},"excerpt":{"rendered":"<p>Luxusn\u00ed j\u00eddeln\u00ed \u017eidle, kter\u00e9 i p\u0159es svoj\u00ed patinu neztr\u00e1cej\u00ed na eleganci. Byly sou\u010d\u00e1st\u00ed j\u00eddelny renomovan\u00e9 pr\u00e1vnick\u00e9 rodiny. \u017didle jsou z<\/p>\n","protected":false},"featured_media":7447,"template":"","meta":[],"product_brand":[153],"product_cat":[91],"product_tag":[],"class_list":{"0":"post-7482","1":"product","2":"type-product","3":"status-publish","4":"has-post-thumbnail","6":"product_brand-eterle-cz","7":"product_cat-prodane","8":"product_shipping_class-nadrozmerne","10":"first","11":"outofstock","12":"purchasable","13":"product-type-simple"},"_links":{"self":[{"href":"https:\/\/eterle.cz\/eshop\/wp-json\/wp\/v2\/product\/7482","targetHints":{"allow":["GET"]}}],"collection":[{"href":"https:\/\/eterle.cz\/eshop\/wp-json\/wp\/v2\/product"}],"about":[{"href":"https:\/\/eterle.cz\/eshop\/wp-json\/wp\/v2\/types\/product"}],"version-history":[{"count":0,"href":"https:\/\/eterle.cz\/eshop\/wp-json\/wp\/v2\/product\/7482\/revisions"}],"wp:featuredmedia":[{"embeddable":true,"href":"https:\/\/eterle.cz\/eshop\/wp-json\/wp\/v2\/media\/7447"}],"wp:attachment":[{"href":"https:\/\/eterle.cz\/eshop\/wp-json\/wp\/v2\/media?parent=7482"}],"wp:term":[{"taxonomy":"product_brand","embeddable":true,"href":"https:\/\/eterle.cz\/eshop\/wp-json\/wp\/v2\/product_brand?post=7482"},{"taxonomy":"product_cat","embeddable":true,"href":"https:\/\/eterle.cz\/eshop\/wp-json\/wp\/v2\/product_cat?post=7482"},{"taxonomy":"product_tag","embeddable":true,"href":"https:\/\/eterle.cz\/eshop\/wp-json\/wp\/v2\/product_tag?post=7482"}],"curies":[{"name":"wp","href":"https:\/\/api.w.org\/{rel}","templated":true}]}}