{"id":7489,"date":"2021-10-20T22:37:35","date_gmt":"2021-10-20T20:37:35","guid":{"rendered":"https:\/\/eterle.cz\/eshop\/produkt\/satni-skrin-interier-praha\/"},"modified":"2025-02-16T03:04:41","modified_gmt":"2025-02-16T02:04:41","slug":"satni-skrin-interier-praha","status":"publish","type":"product","link":"https:\/\/eterle.cz\/eshop\/produkt\/satni-skrin-interier-praha\/","title":{"rendered":"\u0160atn\u00ed sk\u0159i\u0148  \/ Interi\u00e9r Praha"},"content":{"rendered":"<p>\u0160atn\u00ed sk\u0159\u00ed\u0148 pravd\u011bpodobn\u011b z 60. let pln\u00e1 p\u0159ekvapiv\u00fdch detail\u016f. Mal\u00fd prostor, kter\u00fd zahrnuje v\u0161e, co v \u0161atn\u011b pot\u0159ebujete. V\u00fdsuvn\u00e1 ty\u010d na ram\u00ednka, \u00fachyty na p\u00e1sky \u010di kravaty, \u0161upl\u00edky, poli\u010dky i zrcadlo. Zvenku je v\u0161ak naprosto jednoduch\u00e1. Hladk\u00e9 rovn\u00e9 dve\u0159e zdob\u00ed jen roztomil\u00e9 panty v podob\u011b mal\u00fdch chromov\u00fdch kuli\u010dek.<\/p>\n<p>Dal\u0161\u00ed n\u00e1bytek z t\u00e9to \u0159ady m\u00e1me rovn\u011b\u017e k dispozicic- sk\u0159\u00ed\u0148 se \u0161upl\u00edky a policemi, sk\u0159\u00ed\u0148, prosklen\u00e1 sk\u0159\u00ed\u0148.<\/p>\n<p>Stav: dobr\u00fd zachoval\u00fd p\u016fvodn\u00ed stav<br \/>\nZna\u010dka: Interi\u00e9r Praha<br \/>\nRozm\u011br<br \/>\nV\u00fd\u0161ka: 156 cm<br \/>\n\u0160\u00ed\u0159ka: 100 cm<br \/>\nHloubka: 45 cm<\/p>\n","protected":false},"excerpt":{"rendered":"<p>\u0160atn\u00ed sk\u0159\u00ed\u0148 pravd\u011bpodobn\u011b z 60. let pln\u00e1 p\u0159ekvapiv\u00fdch detail\u016f. Mal\u00fd prostor, kter\u00fd zahrnuje v\u0161e, co v \u0161atn\u011b pot\u0159ebujete. V\u00fdsuvn\u00e1 ty\u010d<\/p>\n","protected":false},"featured_media":7490,"template":"","meta":[],"product_brand":[153],"product_cat":[91],"product_tag":[],"class_list":{"0":"post-7489","1":"product","2":"type-product","3":"status-publish","4":"has-post-thumbnail","6":"product_brand-eterle-cz","7":"product_cat-prodane","8":"product_shipping_class-nadrozmerne","10":"first","11":"outofstock","12":"purchasable","13":"product-type-simple"},"_links":{"self":[{"href":"https:\/\/eterle.cz\/eshop\/wp-json\/wp\/v2\/product\/7489","targetHints":{"allow":["GET"]}}],"collection":[{"href":"https:\/\/eterle.cz\/eshop\/wp-json\/wp\/v2\/product"}],"about":[{"href":"https:\/\/eterle.cz\/eshop\/wp-json\/wp\/v2\/types\/product"}],"version-history":[{"count":0,"href":"https:\/\/eterle.cz\/eshop\/wp-json\/wp\/v2\/product\/7489\/revisions"}],"wp:featuredmedia":[{"embeddable":true,"href":"https:\/\/eterle.cz\/eshop\/wp-json\/wp\/v2\/media\/7490"}],"wp:attachment":[{"href":"https:\/\/eterle.cz\/eshop\/wp-json\/wp\/v2\/media?parent=7489"}],"wp:term":[{"taxonomy":"product_brand","embeddable":true,"href":"https:\/\/eterle.cz\/eshop\/wp-json\/wp\/v2\/product_brand?post=7489"},{"taxonomy":"product_cat","embeddable":true,"href":"https:\/\/eterle.cz\/eshop\/wp-json\/wp\/v2\/product_cat?post=7489"},{"taxonomy":"product_tag","embeddable":true,"href":"https:\/\/eterle.cz\/eshop\/wp-json\/wp\/v2\/product_tag?post=7489"}],"curies":[{"name":"wp","href":"https:\/\/api.w.org\/{rel}","templated":true}]}}