{"id":7528,"date":"2021-10-20T22:41:47","date_gmt":"2021-10-20T20:41:47","guid":{"rendered":"https:\/\/eterle.cz\/eshop\/produkt\/kreslo-halabala-h-269\/"},"modified":"2025-02-16T03:04:40","modified_gmt":"2025-02-16T02:04:40","slug":"kreslo-halabala-h-269","status":"publish","type":"product","link":"https:\/\/eterle.cz\/eshop\/produkt\/kreslo-halabala-h-269\/","title":{"rendered":"K\u0159eslo Halabala H-269"},"content":{"rendered":"<p>Ikona \u010desk\u00e9ho n\u00e1bytk\u00e1\u0159stv\u00ed Prvn\u00ed republiky \u2013 k\u0159eslo H 269 \u2013 je jedn\u00edm z nejzn\u00e1m\u011bj\u0161\u00edch n\u00e1vrh\u016f Jind\u0159icha Halabaly vyr\u00e1b\u011bn\u00fdm s\u00e9riov\u011b je\u0161t\u011b v 50. letech minul\u00e9ho stolet\u00ed. Nyn\u00ed je ji\u017e velmi t\u011b\u017eko k sehn\u00e1n\u00ed o to v\u00edc je \u017e\u00e1dan\u00e9. Pro\u0161lo kompletn\u00ed renovac\u00ed. Kostra z oh\u00fdban\u00e9ho bukov\u00e9ho d\u0159eva byla zpevn\u011bna, zbrou\u0161ena, nov\u011b namo\u0159ena a nalakov\u00e1na. Potahov\u00e1 l\u00e1tka poch\u00e1z\u00ed od \u010desk\u00e9ho v\u00fdrobce tradi\u010dn\u00edch l\u00e1tek firmy Kolovrat.<\/p>\n<p>Stav: perfektn\u00ed, po kompletn\u00ed renovaci<br \/>\nRozm\u011br<br \/>\nV\u00fd\u0161ka: 70 cm<br \/>\n\u0160\u00ed\u0159ka: 72 cm<br \/>\nV\u00fd\u0161ka sed\u00e1ku: 45 cm<br \/>\nHloubka sed\u00e1ku: 56 cm<br \/>\n\u0160\u00ed\u0159ka sed\u00e1ku: 56 cm<\/p>\n","protected":false},"excerpt":{"rendered":"<p>Ikona \u010desk\u00e9ho n\u00e1bytk\u00e1\u0159stv\u00ed Prvn\u00ed republiky \u2013 k\u0159eslo H 269 \u2013 je jedn\u00edm z nejzn\u00e1m\u011bj\u0161\u00edch n\u00e1vrh\u016f Jind\u0159icha Halabaly vyr\u00e1b\u011bn\u00fdm s\u00e9riov\u011b je\u0161t\u011b<\/p>\n","protected":false},"featured_media":7529,"template":"","meta":[],"product_brand":[153],"product_cat":[91],"product_tag":[],"class_list":{"0":"post-7528","1":"product","2":"type-product","3":"status-publish","4":"has-post-thumbnail","6":"product_brand-eterle-cz","7":"product_cat-prodane","8":"product_shipping_class-nadrozmerne","10":"first","11":"outofstock","12":"purchasable","13":"product-type-simple"},"_links":{"self":[{"href":"https:\/\/eterle.cz\/eshop\/wp-json\/wp\/v2\/product\/7528","targetHints":{"allow":["GET"]}}],"collection":[{"href":"https:\/\/eterle.cz\/eshop\/wp-json\/wp\/v2\/product"}],"about":[{"href":"https:\/\/eterle.cz\/eshop\/wp-json\/wp\/v2\/types\/product"}],"version-history":[{"count":1,"href":"https:\/\/eterle.cz\/eshop\/wp-json\/wp\/v2\/product\/7528\/revisions"}],"predecessor-version":[{"id":14425,"href":"https:\/\/eterle.cz\/eshop\/wp-json\/wp\/v2\/product\/7528\/revisions\/14425"}],"wp:featuredmedia":[{"embeddable":true,"href":"https:\/\/eterle.cz\/eshop\/wp-json\/wp\/v2\/media\/7529"}],"wp:attachment":[{"href":"https:\/\/eterle.cz\/eshop\/wp-json\/wp\/v2\/media?parent=7528"}],"wp:term":[{"taxonomy":"product_brand","embeddable":true,"href":"https:\/\/eterle.cz\/eshop\/wp-json\/wp\/v2\/product_brand?post=7528"},{"taxonomy":"product_cat","embeddable":true,"href":"https:\/\/eterle.cz\/eshop\/wp-json\/wp\/v2\/product_cat?post=7528"},{"taxonomy":"product_tag","embeddable":true,"href":"https:\/\/eterle.cz\/eshop\/wp-json\/wp\/v2\/product_tag?post=7528"}],"curies":[{"name":"wp","href":"https:\/\/api.w.org\/{rel}","templated":true}]}}