{"id":7540,"date":"2021-10-20T22:42:57","date_gmt":"2021-10-20T20:42:57","guid":{"rendered":"https:\/\/eterle.cz\/eshop\/produkt\/secesni-jidelni-zidle\/"},"modified":"2025-02-16T03:04:39","modified_gmt":"2025-02-16T02:04:39","slug":"secesni-jidelni-zidle","status":"publish","type":"product","link":"https:\/\/eterle.cz\/eshop\/produkt\/secesni-jidelni-zidle\/","title":{"rendered":"Secesn\u00ed j\u00eddeln\u00ed \u017eidle"},"content":{"rendered":"<p>Staro\u017eitn\u00e1 secesn\u00ed \u017eidle (1880-1890) s \u010daloun\u011bn\u00edm v mechov\u011b zelen\u00e9 barv\u011b. P\u0159i vysloven\u00ed &#8222;secese&#8220; se v\u011bt\u0161in\u011b lid\u00ed pravd\u011bpodobn\u011b vybav\u00ed zdoben\u00e9 obrazy \u010desk\u00e9ho velik\u00e1na Alfonse Muchy nebo zlacen\u00e1 pl\u00e1tna Gustava Klimta. Jen\u017ee za seces\u00ed se skr\u00fdv\u00e1 mnohem v\u00edc ne\u017e tato dv\u011b slavn\u00e1 jm\u00e9na, t\u0159eba n\u00e1bytek se zdobn\u00fdmi detaily jako m\u016f\u017eete vid\u011bt na op\u011bradle t\u00e9to \u017eidle.<\/p>\n<p>Stav: dobr\u00fd zachoval\u00fd p\u016fvodn\u00ed stav s patinou.<br \/>\nRozm\u011br<br \/>\nV\u00fd\u0161ka: 91 cm<br \/>\nV\u00fd\u0161ka sed\u00e1ku: 47 cm<br \/>\n\u0160\u00ed\u0159ka sed\u00e1ku: 43 cm<br \/>\nHloubka sed\u00e1ku: 42 cm<\/p>\n","protected":false},"excerpt":{"rendered":"<p>Staro\u017eitn\u00e1 secesn\u00ed \u017eidle (1880-1890) s \u010daloun\u011bn\u00edm v mechov\u011b zelen\u00e9 barv\u011b. P\u0159i vysloven\u00ed &#8222;secese&#8220; se v\u011bt\u0161in\u011b lid\u00ed pravd\u011bpodobn\u011b vybav\u00ed zdoben\u00e9 obrazy<\/p>\n","protected":false},"featured_media":7541,"template":"","meta":[],"product_brand":[153],"product_cat":[91],"product_tag":[],"class_list":{"0":"post-7540","1":"product","2":"type-product","3":"status-publish","4":"has-post-thumbnail","6":"product_brand-eterle-cz","7":"product_cat-prodane","8":"product_shipping_class-nadrozmerne","10":"first","11":"outofstock","12":"purchasable","13":"product-type-simple"},"_links":{"self":[{"href":"https:\/\/eterle.cz\/eshop\/wp-json\/wp\/v2\/product\/7540","targetHints":{"allow":["GET"]}}],"collection":[{"href":"https:\/\/eterle.cz\/eshop\/wp-json\/wp\/v2\/product"}],"about":[{"href":"https:\/\/eterle.cz\/eshop\/wp-json\/wp\/v2\/types\/product"}],"version-history":[{"count":1,"href":"https:\/\/eterle.cz\/eshop\/wp-json\/wp\/v2\/product\/7540\/revisions"}],"predecessor-version":[{"id":8090,"href":"https:\/\/eterle.cz\/eshop\/wp-json\/wp\/v2\/product\/7540\/revisions\/8090"}],"wp:featuredmedia":[{"embeddable":true,"href":"https:\/\/eterle.cz\/eshop\/wp-json\/wp\/v2\/media\/7541"}],"wp:attachment":[{"href":"https:\/\/eterle.cz\/eshop\/wp-json\/wp\/v2\/media?parent=7540"}],"wp:term":[{"taxonomy":"product_brand","embeddable":true,"href":"https:\/\/eterle.cz\/eshop\/wp-json\/wp\/v2\/product_brand?post=7540"},{"taxonomy":"product_cat","embeddable":true,"href":"https:\/\/eterle.cz\/eshop\/wp-json\/wp\/v2\/product_cat?post=7540"},{"taxonomy":"product_tag","embeddable":true,"href":"https:\/\/eterle.cz\/eshop\/wp-json\/wp\/v2\/product_tag?post=7540"}],"curies":[{"name":"wp","href":"https:\/\/api.w.org\/{rel}","templated":true}]}}