{"id":7662,"date":"2021-10-20T22:52:38","date_gmt":"2021-10-20T20:52:38","guid":{"rendered":"https:\/\/eterle.cz\/eshop\/produkt\/hrnecek-na-caj-s-podsalkem-haas-a-czjzek\/"},"modified":"2025-09-08T09:12:56","modified_gmt":"2025-09-08T07:12:56","slug":"hrnecek-na-caj-s-podsalkem-haas-a-czjzek","status":"publish","type":"product","link":"https:\/\/eterle.cz\/eshop\/produkt\/hrnecek-na-caj-s-podsalkem-haas-a-czjzek\/","title":{"rendered":"Hrne\u010dek na \u010daj s pod\u0161\u00e1lkem \/ Haas a Czjzek"},"content":{"rendered":"<p>Hrne\u010dek na \u010daj s pod\u0161\u00e1lkem z porcel\u00e1nky Haas a Czjzek je nezna\u010den\u00fd nebo\u0165 byl koupen u\u017e p\u0159i likvidaci t\u00e9to firmy. V meziv\u00e1le\u010dn\u00e9m \u010ceskoslovensku pat\u0159ila porcel\u00e1nka Haas a Czjzek k nejv\u011bt\u0161\u00edm v\u00fdrobc\u016fm porcel\u00e1nu a u p\u0159\u00edle\u017eitosti 200 let od zalo\u017een\u00ed byla dokonce prohl\u00e1\u0161ena kulturn\u00ed pam\u00e1tkou. V roce 2009 ji koupil rusk\u00fd oligarch s c\u00edlem vyv\u00e1\u017eet luxusn\u00ed porcel\u00e1n do Ruska, n\u00e1sledn\u011b byla op\u011bt v \u010desk\u00fdch ruk\u00e1ch, ale v roce 2014 p\u0159i\u0161el jej\u00ed definitivn\u00ed konec. Jsme r\u00e1di, \u017ee jsme p\u00e1r kousk\u016f zachr\u00e1nili pro \u010desk\u00fd trh. Hrne\u010dky m\u016f\u017eete doplnit o dal\u0161\u00ed produkty t\u00e9to zna\u010dky:\u00a0<a href=\"https:\/\/eterle.cz\/eshop\/produkt\/mlekovka-banata-haas-a-czjzek\/\">ba\u0148atou<\/a> nebo <a href=\"https:\/\/eterle.cz\/eshop\/produkt\/mlekovka-vysoka-haas-a-czjzek\/\">vysokou<\/a> ml\u00e9kovku \u010di <a href=\"https:\/\/eterle.cz\/eshop\/produkt\/cukrenka-s-jablickem-haas-a-czjzek\/\">cuk\u0159enku<\/a>.<\/p>\n<p>Stav: perfektn\u00ed<br \/>\nZna\u010dka: Haas a Czjzek nezna\u010den\u00e9<br \/>\nRozm\u011br<br \/>\nV\u00fd\u0161ka: 5,5 cm<br \/>\nPr\u016fm\u011br: 10 cm<br \/>\nObjem: 200 ml<br \/>\nPod\u0161\u00e1lek pr\u016fm\u011br: 15 cm<\/p>\n","protected":false},"excerpt":{"rendered":"<p>Hrne\u010dek na \u010daj s pod\u0161\u00e1lkem z porcel\u00e1nky Haas a Czjzek je nezna\u010den\u00fd nebo\u0165 byl koupen u\u017e p\u0159i likvidaci t\u00e9to firmy.<\/p>\n","protected":false},"featured_media":7663,"template":"","meta":[],"product_brand":[153],"product_cat":[91],"product_tag":[],"class_list":{"0":"post-7662","1":"product","2":"type-product","3":"status-publish","4":"has-post-thumbnail","6":"product_brand-eterle-cz","7":"product_cat-prodane","9":"first","10":"outofstock","11":"purchasable","12":"product-type-simple"},"_links":{"self":[{"href":"https:\/\/eterle.cz\/eshop\/wp-json\/wp\/v2\/product\/7662","targetHints":{"allow":["GET"]}}],"collection":[{"href":"https:\/\/eterle.cz\/eshop\/wp-json\/wp\/v2\/product"}],"about":[{"href":"https:\/\/eterle.cz\/eshop\/wp-json\/wp\/v2\/types\/product"}],"version-history":[{"count":1,"href":"https:\/\/eterle.cz\/eshop\/wp-json\/wp\/v2\/product\/7662\/revisions"}],"predecessor-version":[{"id":26106,"href":"https:\/\/eterle.cz\/eshop\/wp-json\/wp\/v2\/product\/7662\/revisions\/26106"}],"wp:featuredmedia":[{"embeddable":true,"href":"https:\/\/eterle.cz\/eshop\/wp-json\/wp\/v2\/media\/7663"}],"wp:attachment":[{"href":"https:\/\/eterle.cz\/eshop\/wp-json\/wp\/v2\/media?parent=7662"}],"wp:term":[{"taxonomy":"product_brand","embeddable":true,"href":"https:\/\/eterle.cz\/eshop\/wp-json\/wp\/v2\/product_brand?post=7662"},{"taxonomy":"product_cat","embeddable":true,"href":"https:\/\/eterle.cz\/eshop\/wp-json\/wp\/v2\/product_cat?post=7662"},{"taxonomy":"product_tag","embeddable":true,"href":"https:\/\/eterle.cz\/eshop\/wp-json\/wp\/v2\/product_tag?post=7662"}],"curies":[{"name":"wp","href":"https:\/\/api.w.org\/{rel}","templated":true}]}}

Hrneček na čaj s podšálkem / Haas a Czjzek

<p>Hrneček na čaj s podšálkem z porcelánky Haas a Czjzek je neznačený neboť byl koupen už při likvidaci této firmy. V meziválečném Československu patřila porcelánka Haas a Czjzek k největším výrobcům porcelánu a u příležitosti 200 let od založení byla dokonce prohlášena kulturní památkou. V roce 2009 ji koupil ruský oligarch s cílem vyvážet luxusní porcelán do Ruska, následně byla opět v českých rukách, ale v roce 2014 přišel její definitivní konec. Jsme rádi, že jsme pár kousků zachránili pro český trh. Hrnečky můžete doplnit o další produkty této značky: <a href="https://eterle.cz/eshop/produkt/mlekovka-banata-haas-a-czjzek/">baňatou</a> nebo <a href="https://eterle.cz/eshop/produkt/mlekovka-vysoka-haas-a-czjzek/">vysokou</a> mlékovku či <a href="https://eterle.cz/eshop/produkt/cukrenka-s-jablickem-haas-a-czjzek/">cukřenku</a>.</p>
<p>Stav: perfektní<br />
Značka: Haas a Czjzek neznačené<br />
Rozměr<br />
Výška: 5,5 cm<br />
Průměr: 10 cm<br />
Objem: 200 ml<br />
Podšálek průměr: 15 cm</p>

<p>Hrneček na čaj s podšálkem z porcelánky Haas a Czjzek je neznačený neboť byl koupen už při likvidaci této firmy.</p>
