{"id":7729,"date":"2021-10-20T22:57:06","date_gmt":"2021-10-20T20:57:06","guid":{"rendered":"https:\/\/eterle.cz\/eshop\/produkt\/doza-z-opaloveho-skla\/"},"modified":"2025-02-16T03:03:49","modified_gmt":"2025-02-16T02:03:49","slug":"doza-z-opaloveho-skla","status":"publish","type":"product","link":"https:\/\/eterle.cz\/eshop\/produkt\/doza-z-opaloveho-skla\/","title":{"rendered":"D\u00f3za z op\u00e1lov\u00e9ho skla"},"content":{"rendered":"<p>Jednoduch\u00e1 d\u00f3za z op\u00e1lov\u00e9ho skla s kr\u00e1sn\u011b tvarovan\u00fdm v\u00ed\u010dkem najde nejedno uplatn\u011bn\u00ed. M\u016f\u017eete do n\u00ed schovat prst\u00fdnky, bonb\u00f3ny nebo drobn\u00e9 kosmetick\u00e9 produkty. Je velmi elegannt\u00ed a bude dob\u0159e vypadat jak v modern\u00edm tak vintage interi\u00e9ru.<\/p>\n<p>Stav: nov\u00e1<br \/>\nRozm\u011br<br \/>\nPr\u016fm\u011br: 9 cm<br \/>\nV\u00fd\u0161ka: 6 cm<br \/>\nObjem: 150 ml<\/p>\n","protected":false},"excerpt":{"rendered":"<p>Jednoduch\u00e1 d\u00f3za z op\u00e1lov\u00e9ho skla s kr\u00e1sn\u011b tvarovan\u00fdm v\u00ed\u010dkem najde nejedno uplatn\u011bn\u00ed. M\u016f\u017eete do n\u00ed schovat prst\u00fdnky, bonb\u00f3ny nebo drobn\u00e9<\/p>\n","protected":false},"featured_media":7730,"template":"","meta":[],"product_brand":[153],"product_cat":[91],"product_tag":[],"class_list":{"0":"post-7729","1":"product","2":"type-product","3":"status-publish","4":"has-post-thumbnail","6":"product_brand-eterle-cz","7":"product_cat-prodane","9":"first","10":"outofstock","11":"purchasable","12":"product-type-simple"},"_links":{"self":[{"href":"https:\/\/eterle.cz\/eshop\/wp-json\/wp\/v2\/product\/7729","targetHints":{"allow":["GET"]}}],"collection":[{"href":"https:\/\/eterle.cz\/eshop\/wp-json\/wp\/v2\/product"}],"about":[{"href":"https:\/\/eterle.cz\/eshop\/wp-json\/wp\/v2\/types\/product"}],"version-history":[{"count":0,"href":"https:\/\/eterle.cz\/eshop\/wp-json\/wp\/v2\/product\/7729\/revisions"}],"wp:featuredmedia":[{"embeddable":true,"href":"https:\/\/eterle.cz\/eshop\/wp-json\/wp\/v2\/media\/7730"}],"wp:attachment":[{"href":"https:\/\/eterle.cz\/eshop\/wp-json\/wp\/v2\/media?parent=7729"}],"wp:term":[{"taxonomy":"product_brand","embeddable":true,"href":"https:\/\/eterle.cz\/eshop\/wp-json\/wp\/v2\/product_brand?post=7729"},{"taxonomy":"product_cat","embeddable":true,"href":"https:\/\/eterle.cz\/eshop\/wp-json\/wp\/v2\/product_cat?post=7729"},{"taxonomy":"product_tag","embeddable":true,"href":"https:\/\/eterle.cz\/eshop\/wp-json\/wp\/v2\/product_tag?post=7729"}],"curies":[{"name":"wp","href":"https:\/\/api.w.org\/{rel}","templated":true}]}}