{"id":7881,"date":"2021-10-20T23:09:40","date_gmt":"2021-10-20T21:09:40","guid":{"rendered":"https:\/\/eterle.cz\/eshop\/produkt\/keramicka-vaza-vrtule\/"},"modified":"2025-02-16T03:03:39","modified_gmt":"2025-02-16T02:03:39","slug":"keramicka-vaza-vrtule","status":"publish","type":"product","link":"https:\/\/eterle.cz\/eshop\/produkt\/keramicka-vaza-vrtule\/","title":{"rendered":"Keramick\u00e1 v\u00e1za vrtule"},"content":{"rendered":"<p>Velk\u00e1 keramick\u00e1 v\u00e1za ve tvaru vrtule jed\u00edky sv\u00e9 v\u00fd\u0161ce vhodn\u00e1 i na aran\u017em\u00e1 v\u011btv\u00ed. N\u00e1m se v n\u00ed l\u00edb\u00ed zemit\u00e9 barvy, tak\u017ee bychom volily suchou pompovou tr\u00e1vu, obil\u00ed nebo rostlinu, kter\u00e9 se lidov\u011b \u0159\u00edk\u00e1 pen\u00edzky (m\u011bs\u00ed\u010dnice ro\u010dn\u00ed).<\/p>\n<p>Stav: perfektn\u00ed<br \/>\nRozm\u011br<br \/>\nV\u00fd\u0161ka: 40 cm<br \/>\nOtvor: 9,5 x 9,5 cm<\/p>\n","protected":false},"excerpt":{"rendered":"<p>Velk\u00e1 keramick\u00e1 v\u00e1za ve tvaru vrtule jed\u00edky sv\u00e9 v\u00fd\u0161ce vhodn\u00e1 i na aran\u017em\u00e1 v\u011btv\u00ed. N\u00e1m se v n\u00ed l\u00edb\u00ed zemit\u00e9<\/p>\n","protected":false},"featured_media":7882,"template":"","meta":[],"product_brand":[153],"product_cat":[91],"product_tag":[],"class_list":{"0":"post-7881","1":"product","2":"type-product","3":"status-publish","4":"has-post-thumbnail","6":"product_brand-eterle-cz","7":"product_cat-prodane","9":"first","10":"outofstock","11":"purchasable","12":"product-type-simple"},"_links":{"self":[{"href":"https:\/\/eterle.cz\/eshop\/wp-json\/wp\/v2\/product\/7881","targetHints":{"allow":["GET"]}}],"collection":[{"href":"https:\/\/eterle.cz\/eshop\/wp-json\/wp\/v2\/product"}],"about":[{"href":"https:\/\/eterle.cz\/eshop\/wp-json\/wp\/v2\/types\/product"}],"version-history":[{"count":0,"href":"https:\/\/eterle.cz\/eshop\/wp-json\/wp\/v2\/product\/7881\/revisions"}],"wp:featuredmedia":[{"embeddable":true,"href":"https:\/\/eterle.cz\/eshop\/wp-json\/wp\/v2\/media\/7882"}],"wp:attachment":[{"href":"https:\/\/eterle.cz\/eshop\/wp-json\/wp\/v2\/media?parent=7881"}],"wp:term":[{"taxonomy":"product_brand","embeddable":true,"href":"https:\/\/eterle.cz\/eshop\/wp-json\/wp\/v2\/product_brand?post=7881"},{"taxonomy":"product_cat","embeddable":true,"href":"https:\/\/eterle.cz\/eshop\/wp-json\/wp\/v2\/product_cat?post=7881"},{"taxonomy":"product_tag","embeddable":true,"href":"https:\/\/eterle.cz\/eshop\/wp-json\/wp\/v2\/product_tag?post=7881"}],"curies":[{"name":"wp","href":"https:\/\/api.w.org\/{rel}","templated":true}]}}