{"id":7891,"date":"2021-10-20T23:10:42","date_gmt":"2021-10-20T21:10:42","guid":{"rendered":"https:\/\/eterle.cz\/eshop\/produkt\/velka-brousena-vaza\/"},"modified":"2025-02-16T03:03:38","modified_gmt":"2025-02-16T02:03:38","slug":"velka-brousena-vaza","status":"publish","type":"product","link":"https:\/\/eterle.cz\/eshop\/produkt\/velka-brousena-vaza\/","title":{"rendered":"Velk\u00e1 brou\u0161en\u00e1 v\u00e1za"},"content":{"rendered":"<p>Mimo\u0159\u00e1dn\u011b velk\u00e1 brou\u0161en\u00e1 v\u00e1za, kter\u00e1 se tedy hod\u00ed nejen na velk\u00e9 kytice, ale i na dekorace z v\u011btv\u00ed.<\/p>\n<p>Stav: velmi dobr\u00fd stav, bez o\u0165uku<br \/>\nRorm\u011br<br \/>\nV\u00fd\u0161ka: 36 cm<br \/>\nPr\u016fm\u011br otvoru: 20 cm<\/p>\n","protected":false},"excerpt":{"rendered":"<p>Mimo\u0159\u00e1dn\u011b velk\u00e1 brou\u0161en\u00e1 v\u00e1za, kter\u00e1 se tedy hod\u00ed nejen na velk\u00e9 kytice, ale i na dekorace z v\u011btv\u00ed. Stav: velmi<\/p>\n","protected":false},"featured_media":7892,"template":"","meta":[],"product_brand":[153],"product_cat":[91],"product_tag":[],"class_list":{"0":"post-7891","1":"product","2":"type-product","3":"status-publish","4":"has-post-thumbnail","6":"product_brand-eterle-cz","7":"product_cat-prodane","9":"first","10":"outofstock","11":"purchasable","12":"product-type-simple"},"_links":{"self":[{"href":"https:\/\/eterle.cz\/eshop\/wp-json\/wp\/v2\/product\/7891","targetHints":{"allow":["GET"]}}],"collection":[{"href":"https:\/\/eterle.cz\/eshop\/wp-json\/wp\/v2\/product"}],"about":[{"href":"https:\/\/eterle.cz\/eshop\/wp-json\/wp\/v2\/types\/product"}],"version-history":[{"count":0,"href":"https:\/\/eterle.cz\/eshop\/wp-json\/wp\/v2\/product\/7891\/revisions"}],"wp:featuredmedia":[{"embeddable":true,"href":"https:\/\/eterle.cz\/eshop\/wp-json\/wp\/v2\/media\/7892"}],"wp:attachment":[{"href":"https:\/\/eterle.cz\/eshop\/wp-json\/wp\/v2\/media?parent=7891"}],"wp:term":[{"taxonomy":"product_brand","embeddable":true,"href":"https:\/\/eterle.cz\/eshop\/wp-json\/wp\/v2\/product_brand?post=7891"},{"taxonomy":"product_cat","embeddable":true,"href":"https:\/\/eterle.cz\/eshop\/wp-json\/wp\/v2\/product_cat?post=7891"},{"taxonomy":"product_tag","embeddable":true,"href":"https:\/\/eterle.cz\/eshop\/wp-json\/wp\/v2\/product_tag?post=7891"}],"curies":[{"name":"wp","href":"https:\/\/api.w.org\/{rel}","templated":true}]}}