{"id":8179,"date":"2021-12-10T10:36:47","date_gmt":"2021-12-10T09:36:47","guid":{"rendered":"https:\/\/eterle.cz\/eshop\/produkt\/misa-ovalna-anglie\/"},"modified":"2025-02-16T03:03:32","modified_gmt":"2025-02-16T02:03:32","slug":"misa-ovalna-anglie","status":"publish","type":"product","link":"https:\/\/eterle.cz\/eshop\/produkt\/misa-ovalna-anglie\/","title":{"rendered":"M\u00edsa ov\u00e1ln\u00e1\/ Anglie"},"content":{"rendered":"<p>Ru\u010dn\u011b malovan\u00e1 m\u00edsa obl\u00edben\u00e9ho anglick\u00e9ho porcel\u00e1nu p\u016fsob\u00ed d\u00edky celoplo\u0161n\u00e9mu dekoru jako obraz. Jak u\u017e b\u00fdv\u00e1 u tohoto druhu porcel\u00e1nu zvykem, i zde se nach\u00e1z\u00ed motiv anglick\u00e9ho venkova kon\u011b na poli. M\u00edsa je z tlust\u00e9ho st\u0159epu v barv\u011b slonov\u00e9 kosti.<\/p>\n<p>Stav: perfektn\u00ed<br \/>\nZna\u010dka: England<br \/>\nRozm\u011br<br \/>\nD\u00e9lka: 29 cm<br \/>\n\u0160\u00ed\u0159ka: 23 cm<\/p>\n","protected":false},"excerpt":{"rendered":"<p>Ru\u010dn\u011b malovan\u00e1 m\u00edsa obl\u00edben\u00e9ho anglick\u00e9ho porcel\u00e1nu p\u016fsob\u00ed d\u00edky celoplo\u0161n\u00e9mu dekoru jako obraz. Jak u\u017e b\u00fdv\u00e1 u tohoto druhu porcel\u00e1nu zvykem,<\/p>\n","protected":false},"featured_media":8180,"template":"","meta":[],"product_brand":[153],"product_cat":[91],"product_tag":[],"class_list":{"0":"post-8179","1":"product","2":"type-product","3":"status-publish","4":"has-post-thumbnail","6":"product_brand-eterle-cz","7":"product_cat-prodane","9":"first","10":"outofstock","11":"purchasable","12":"product-type-simple"},"_links":{"self":[{"href":"https:\/\/eterle.cz\/eshop\/wp-json\/wp\/v2\/product\/8179","targetHints":{"allow":["GET"]}}],"collection":[{"href":"https:\/\/eterle.cz\/eshop\/wp-json\/wp\/v2\/product"}],"about":[{"href":"https:\/\/eterle.cz\/eshop\/wp-json\/wp\/v2\/types\/product"}],"version-history":[{"count":0,"href":"https:\/\/eterle.cz\/eshop\/wp-json\/wp\/v2\/product\/8179\/revisions"}],"wp:featuredmedia":[{"embeddable":true,"href":"https:\/\/eterle.cz\/eshop\/wp-json\/wp\/v2\/media\/8180"}],"wp:attachment":[{"href":"https:\/\/eterle.cz\/eshop\/wp-json\/wp\/v2\/media?parent=8179"}],"wp:term":[{"taxonomy":"product_brand","embeddable":true,"href":"https:\/\/eterle.cz\/eshop\/wp-json\/wp\/v2\/product_brand?post=8179"},{"taxonomy":"product_cat","embeddable":true,"href":"https:\/\/eterle.cz\/eshop\/wp-json\/wp\/v2\/product_cat?post=8179"},{"taxonomy":"product_tag","embeddable":true,"href":"https:\/\/eterle.cz\/eshop\/wp-json\/wp\/v2\/product_tag?post=8179"}],"curies":[{"name":"wp","href":"https:\/\/api.w.org\/{rel}","templated":true}]}}