{"id":8234,"date":"2021-12-10T10:38:19","date_gmt":"2021-12-10T09:38:19","guid":{"rendered":"https:\/\/eterle.cz\/eshop\/produkt\/misa-thomas-2\/"},"modified":"2025-02-16T03:03:28","modified_gmt":"2025-02-16T02:03:28","slug":"misa-thomas-2","status":"publish","type":"product","link":"https:\/\/eterle.cz\/eshop\/produkt\/misa-thomas-2\/","title":{"rendered":"M\u00edsa \/ Thomas"},"content":{"rendered":"<p>N\u00e1dhern\u00e1 minimalistick\u00e1 ov\u00e1ln\u00e1 m\u00edsa od zna\u010dky Thomas. Prou\u017eek v kombinaci zlato-hn\u011bd\u00e9 je st\u011blesn\u011bn\u00ed minimalistick\u00e9ho luxusu. Hod\u00ed se v zimn\u00edm obdob\u00ed na cukrov\u00ed a v teplej\u0161\u00edch dnech t\u0159eba na \u0161tr\u016fdl.<\/p>\n<p>Stav: perfektn\u00ed, zcela nepatrn\u00e1 vada v glazu\u0159e &#8211; miniaturn\u00ed hn\u011bd\u00e9 te\u010di\u010dky<br \/>\nZna\u010dka: Thomas<br \/>\nRozm\u011br<br \/>\nD\u00e9lka: 33 cm<br \/>\n\u0160\u00ed\u0159ka: 24 cm<\/p>\n","protected":false},"excerpt":{"rendered":"<p>N\u00e1dhern\u00e1 minimalistick\u00e1 ov\u00e1ln\u00e1 m\u00edsa od zna\u010dky Thomas. Prou\u017eek v kombinaci zlato-hn\u011bd\u00e9 je st\u011blesn\u011bn\u00ed minimalistick\u00e9ho luxusu. Hod\u00ed se v zimn\u00edm obdob\u00ed<\/p>\n","protected":false},"featured_media":8235,"template":"","meta":[],"product_brand":[153],"product_cat":[91],"product_tag":[],"class_list":{"0":"post-8234","1":"product","2":"type-product","3":"status-publish","4":"has-post-thumbnail","6":"product_brand-eterle-cz","7":"product_cat-prodane","9":"first","10":"outofstock","11":"purchasable","12":"product-type-simple"},"_links":{"self":[{"href":"https:\/\/eterle.cz\/eshop\/wp-json\/wp\/v2\/product\/8234","targetHints":{"allow":["GET"]}}],"collection":[{"href":"https:\/\/eterle.cz\/eshop\/wp-json\/wp\/v2\/product"}],"about":[{"href":"https:\/\/eterle.cz\/eshop\/wp-json\/wp\/v2\/types\/product"}],"version-history":[{"count":0,"href":"https:\/\/eterle.cz\/eshop\/wp-json\/wp\/v2\/product\/8234\/revisions"}],"wp:featuredmedia":[{"embeddable":true,"href":"https:\/\/eterle.cz\/eshop\/wp-json\/wp\/v2\/media\/8235"}],"wp:attachment":[{"href":"https:\/\/eterle.cz\/eshop\/wp-json\/wp\/v2\/media?parent=8234"}],"wp:term":[{"taxonomy":"product_brand","embeddable":true,"href":"https:\/\/eterle.cz\/eshop\/wp-json\/wp\/v2\/product_brand?post=8234"},{"taxonomy":"product_cat","embeddable":true,"href":"https:\/\/eterle.cz\/eshop\/wp-json\/wp\/v2\/product_cat?post=8234"},{"taxonomy":"product_tag","embeddable":true,"href":"https:\/\/eterle.cz\/eshop\/wp-json\/wp\/v2\/product_tag?post=8234"}],"curies":[{"name":"wp","href":"https:\/\/api.w.org\/{rel}","templated":true}]}}