{"id":8244,"date":"2021-12-10T10:38:34","date_gmt":"2021-12-10T09:38:34","guid":{"rendered":"https:\/\/eterle.cz\/eshop\/produkt\/hluboky-talir-luneville-france\/"},"modified":"2025-02-16T03:03:27","modified_gmt":"2025-02-16T02:03:27","slug":"hluboky-talir-luneville-france","status":"publish","type":"product","link":"https:\/\/eterle.cz\/eshop\/produkt\/hluboky-talir-luneville-france\/","title":{"rendered":"Hlubok\u00fd tal\u00ed\u0159 \/ Luneville France"},"content":{"rendered":"<p>Ru\u010dn\u011b malovan\u00fd tal\u00ed\u0159 v anglikcm stylu, ale poch\u00e1zej\u00edc\u00ed z Francie. Kvalita st\u0159epu je identick\u00e1 s anglick\u00fdm porcel\u00e1nem tj. tlsutost\u011bnn\u00fd v barv\u011b slonov\u00e9 kosti. St\u0159ed tal\u00ed\u0159e je zdoben v\u00fdjevem rodiny na pikniku.<\/p>\n<p>Stav: perfektn\u00ed<br \/>\nZna\u010dka: Luneville France, English style<br \/>\nRozm\u011br<br \/>\nPr\u016fm\u011br: 23 cm<\/p>\n","protected":false},"excerpt":{"rendered":"<p>Ru\u010dn\u011b malovan\u00fd tal\u00ed\u0159 v anglikcm stylu, ale poch\u00e1zej\u00edc\u00ed z Francie. Kvalita st\u0159epu je identick\u00e1 s anglick\u00fdm porcel\u00e1nem tj. tlsutost\u011bnn\u00fd v<\/p>\n","protected":false},"featured_media":8245,"template":"","meta":[],"product_brand":[153],"product_cat":[91],"product_tag":[],"class_list":{"0":"post-8244","1":"product","2":"type-product","3":"status-publish","4":"has-post-thumbnail","6":"product_brand-eterle-cz","7":"product_cat-prodane","9":"first","10":"outofstock","11":"purchasable","12":"product-type-simple"},"_links":{"self":[{"href":"https:\/\/eterle.cz\/eshop\/wp-json\/wp\/v2\/product\/8244","targetHints":{"allow":["GET"]}}],"collection":[{"href":"https:\/\/eterle.cz\/eshop\/wp-json\/wp\/v2\/product"}],"about":[{"href":"https:\/\/eterle.cz\/eshop\/wp-json\/wp\/v2\/types\/product"}],"version-history":[{"count":0,"href":"https:\/\/eterle.cz\/eshop\/wp-json\/wp\/v2\/product\/8244\/revisions"}],"wp:featuredmedia":[{"embeddable":true,"href":"https:\/\/eterle.cz\/eshop\/wp-json\/wp\/v2\/media\/8245"}],"wp:attachment":[{"href":"https:\/\/eterle.cz\/eshop\/wp-json\/wp\/v2\/media?parent=8244"}],"wp:term":[{"taxonomy":"product_brand","embeddable":true,"href":"https:\/\/eterle.cz\/eshop\/wp-json\/wp\/v2\/product_brand?post=8244"},{"taxonomy":"product_cat","embeddable":true,"href":"https:\/\/eterle.cz\/eshop\/wp-json\/wp\/v2\/product_cat?post=8244"},{"taxonomy":"product_tag","embeddable":true,"href":"https:\/\/eterle.cz\/eshop\/wp-json\/wp\/v2\/product_tag?post=8244"}],"curies":[{"name":"wp","href":"https:\/\/api.w.org\/{rel}","templated":true}]}}