{"id":8270,"date":"2021-12-10T10:39:15","date_gmt":"2021-12-10T09:39:15","guid":{"rendered":"https:\/\/eterle.cz\/eshop\/produkt\/detska-snidanova-sada\/"},"modified":"2025-02-16T03:03:25","modified_gmt":"2025-02-16T02:03:25","slug":"detska-snidanova-sada","status":"publish","type":"product","link":"https:\/\/eterle.cz\/eshop\/produkt\/detska-snidanova-sada\/","title":{"rendered":"D\u011btsk\u00e1 sn\u00edda\u0148ov\u00e1 sada"},"content":{"rendered":"<p>Takhle asi sn\u00eddaly d\u011bti na z\u00e1mku nebo\u0165 tato d\u011btsk\u00e1 sada se zimn\u00edm motivem m\u00e1 zna\u010den\u00ed Schloss Sch\u00f6nbrun. Jedn\u00e1 se o tlustost\u011bnn\u00fd st\u0159ep a nemus\u00edte se b\u00e1t do hrne\u010dku nal\u00edt hork\u00e9 kakao, sn\u011bhul\u00e1k neroztaje.<\/p>\n<p>Stav: dobr\u00fd, na prav\u00e9 stran\u011b dezertn\u00edho tal\u00ed\u0159ku lehce set\u0159en\u00ed barva na okraji<br \/>\nZna\u010dka: Schloss Sch\u00f6nbrunn, qualit\u00e4ts porzellan<br \/>\nRozm\u011br<br \/>\nObjem hrne\u010dku: 240 ml<br \/>\nPr\u016fm\u011br pod\u0161\u00e1lku: 15,5 cm<br \/>\nPr\u016fm\u011br tal\u00ed\u0159ku: 19 cm<\/p>\n","protected":false},"excerpt":{"rendered":"<p>Takhle asi sn\u00eddaly d\u011bti na z\u00e1mku nebo\u0165 tato d\u011btsk\u00e1 sada se zimn\u00edm motivem m\u00e1 zna\u010den\u00ed Schloss Sch\u00f6nbrun. Jedn\u00e1 se o<\/p>\n","protected":false},"featured_media":8271,"template":"","meta":[],"product_brand":[153],"product_cat":[91],"product_tag":[],"class_list":{"0":"post-8270","1":"product","2":"type-product","3":"status-publish","4":"has-post-thumbnail","6":"product_brand-eterle-cz","7":"product_cat-prodane","9":"first","10":"outofstock","11":"purchasable","12":"product-type-simple"},"_links":{"self":[{"href":"https:\/\/eterle.cz\/eshop\/wp-json\/wp\/v2\/product\/8270","targetHints":{"allow":["GET"]}}],"collection":[{"href":"https:\/\/eterle.cz\/eshop\/wp-json\/wp\/v2\/product"}],"about":[{"href":"https:\/\/eterle.cz\/eshop\/wp-json\/wp\/v2\/types\/product"}],"version-history":[{"count":0,"href":"https:\/\/eterle.cz\/eshop\/wp-json\/wp\/v2\/product\/8270\/revisions"}],"wp:featuredmedia":[{"embeddable":true,"href":"https:\/\/eterle.cz\/eshop\/wp-json\/wp\/v2\/media\/8271"}],"wp:attachment":[{"href":"https:\/\/eterle.cz\/eshop\/wp-json\/wp\/v2\/media?parent=8270"}],"wp:term":[{"taxonomy":"product_brand","embeddable":true,"href":"https:\/\/eterle.cz\/eshop\/wp-json\/wp\/v2\/product_brand?post=8270"},{"taxonomy":"product_cat","embeddable":true,"href":"https:\/\/eterle.cz\/eshop\/wp-json\/wp\/v2\/product_cat?post=8270"},{"taxonomy":"product_tag","embeddable":true,"href":"https:\/\/eterle.cz\/eshop\/wp-json\/wp\/v2\/product_tag?post=8270"}],"curies":[{"name":"wp","href":"https:\/\/api.w.org\/{rel}","templated":true}]}}