{"id":8290,"date":"2021-12-10T10:39:48","date_gmt":"2021-12-10T09:39:48","guid":{"rendered":"https:\/\/eterle.cz\/eshop\/produkt\/sest-salku-s-podsalkem-jsk-2\/"},"modified":"2025-02-16T03:03:24","modified_gmt":"2025-02-16T02:03:24","slug":"sest-salku-s-podsalkem-jsk-2","status":"publish","type":"product","link":"https:\/\/eterle.cz\/eshop\/produkt\/sest-salku-s-podsalkem-jsk-2\/","title":{"rendered":"\u0160est \u0161\u00e1lk\u016f s pod\u0161\u00e1lkem \/ JSK"},"content":{"rendered":"<p>\u0160est \u0161\u00e1lk\u016f s pod\u0161\u00e1lky v nyn\u00ed tolik \u017e\u00e1dan\u00e9m bruselsk\u00e9m stylu jsou zdobeny zlat\u00fdmi motivy list\u016f namalovan\u00fdmi na jemn\u011b pastelov\u00e9 barevn\u00e9 glazu\u0159e. Zlat\u00e1 barva se opakuje i na ou\u0161ku a tenk\u00e9 lince po obvodu. Hrne\u010dky poch\u00e1zej\u00ed z porcel\u00e1nky JSK Stru\u017en\u00e1, Kysibl (Giesh\u00fcebel), zalo\u017een\u00e9 roku 1803 a funguj\u00edc\u00ed dodnes. Sada obsahuje mix barev &#8211; vanilkov\u00e1, mintov\u00e1, 2x sv\u011btle r\u016f\u017eov\u00e1, sv\u011btle \u0161ed\u00e1 a sv\u011btloulilince \u0161ed\u00e1.<\/p>\n<p>Stav: perfektn\u00ed<br \/>\nZna\u010dka: JSK, Czechoslovakia<br \/>\nRozm\u011br<br \/>\nObjem: 180 ml<br \/>\nPr\u016fm\u011br pod\u0161\u00e1lku: 13,5 cm<\/p>\n","protected":false},"excerpt":{"rendered":"<p>\u0160est \u0161\u00e1lk\u016f s pod\u0161\u00e1lky v nyn\u00ed tolik \u017e\u00e1dan\u00e9m bruselsk\u00e9m stylu jsou zdobeny zlat\u00fdmi motivy list\u016f namalovan\u00fdmi na jemn\u011b pastelov\u00e9 barevn\u00e9<\/p>\n","protected":false},"featured_media":8291,"template":"","meta":[],"product_brand":[153],"product_cat":[91],"product_tag":[],"class_list":{"0":"post-8290","1":"product","2":"type-product","3":"status-publish","4":"has-post-thumbnail","6":"product_brand-eterle-cz","7":"product_cat-prodane","9":"first","10":"outofstock","11":"purchasable","12":"product-type-simple"},"_links":{"self":[{"href":"https:\/\/eterle.cz\/eshop\/wp-json\/wp\/v2\/product\/8290","targetHints":{"allow":["GET"]}}],"collection":[{"href":"https:\/\/eterle.cz\/eshop\/wp-json\/wp\/v2\/product"}],"about":[{"href":"https:\/\/eterle.cz\/eshop\/wp-json\/wp\/v2\/types\/product"}],"version-history":[{"count":0,"href":"https:\/\/eterle.cz\/eshop\/wp-json\/wp\/v2\/product\/8290\/revisions"}],"wp:featuredmedia":[{"embeddable":true,"href":"https:\/\/eterle.cz\/eshop\/wp-json\/wp\/v2\/media\/8291"}],"wp:attachment":[{"href":"https:\/\/eterle.cz\/eshop\/wp-json\/wp\/v2\/media?parent=8290"}],"wp:term":[{"taxonomy":"product_brand","embeddable":true,"href":"https:\/\/eterle.cz\/eshop\/wp-json\/wp\/v2\/product_brand?post=8290"},{"taxonomy":"product_cat","embeddable":true,"href":"https:\/\/eterle.cz\/eshop\/wp-json\/wp\/v2\/product_cat?post=8290"},{"taxonomy":"product_tag","embeddable":true,"href":"https:\/\/eterle.cz\/eshop\/wp-json\/wp\/v2\/product_tag?post=8290"}],"curies":[{"name":"wp","href":"https:\/\/api.w.org\/{rel}","templated":true}]}}