{"id":8478,"date":"2022-03-21T20:19:17","date_gmt":"2022-03-21T19:19:17","guid":{"rendered":"https:\/\/eterle.cz\/eshop\/produkt\/parove-lampicky-napako\/"},"modified":"2025-02-16T03:02:38","modified_gmt":"2025-02-16T02:02:38","slug":"parove-lampicky-napako","status":"publish","type":"product","link":"https:\/\/eterle.cz\/eshop\/produkt\/parove-lampicky-napako\/","title":{"rendered":"P\u00e1rov\u00e9 lampi\u010dky \/ Napako"},"content":{"rendered":"<p>Funkcinalistick\u00e9 stoln\u00ed lampi\u010dky poch\u00e1z\u00ed z 30. let 20. stolet\u00ed. Byly vyrobeny spole\u010dnost\u00ed NAPAKO a jedn\u00e1 se o typ \u010d. 1188. Podstavec je chromov\u00fd a st\u00ednidla z p\u00edskovan\u00e9ho skla se vzorem ku\u0159ec\u00edch stop. Nov\u00e1 elektroinstalace. 250 V, 40 W<\/p>\n<p>Stav: funk\u010dn\u00ed, nov\u00e1 elektroinstalace. St\u00ednidla v perfektn\u00edm p\u016fvodn\u00edm stavu, chrom na podstavc m\u00edsty prole\u0161t\u011bn, ostatn\u00ed chromov\u00e9 \u010d\u00e1sti nesou m\u00edsty zn\u00e1mky koroze.<br \/>\nZna\u010dka: Napako, typ 1188<br \/>\nRozm\u011br<br \/>\n\u0160\u00ed\u0159ka: 7,5 cm<br \/>\nHloubka: 15 cm<br \/>\nV\u00fd\u0161ka: 20,5 cm<\/p>\n","protected":false},"excerpt":{"rendered":"<p>Funkcinalistick\u00e9 stoln\u00ed lampi\u010dky poch\u00e1z\u00ed z 30. let 20. stolet\u00ed. Byly vyrobeny spole\u010dnost\u00ed NAPAKO a jedn\u00e1 se o typ \u010d. 1188.<\/p>\n","protected":false},"featured_media":8479,"template":"","meta":[],"product_brand":[153],"product_cat":[91],"product_tag":[],"class_list":{"0":"post-8478","1":"product","2":"type-product","3":"status-publish","4":"has-post-thumbnail","6":"product_brand-eterle-cz","7":"product_cat-prodane","9":"first","10":"outofstock","11":"purchasable","12":"product-type-simple"},"_links":{"self":[{"href":"https:\/\/eterle.cz\/eshop\/wp-json\/wp\/v2\/product\/8478","targetHints":{"allow":["GET"]}}],"collection":[{"href":"https:\/\/eterle.cz\/eshop\/wp-json\/wp\/v2\/product"}],"about":[{"href":"https:\/\/eterle.cz\/eshop\/wp-json\/wp\/v2\/types\/product"}],"version-history":[{"count":0,"href":"https:\/\/eterle.cz\/eshop\/wp-json\/wp\/v2\/product\/8478\/revisions"}],"wp:featuredmedia":[{"embeddable":true,"href":"https:\/\/eterle.cz\/eshop\/wp-json\/wp\/v2\/media\/8479"}],"wp:attachment":[{"href":"https:\/\/eterle.cz\/eshop\/wp-json\/wp\/v2\/media?parent=8478"}],"wp:term":[{"taxonomy":"product_brand","embeddable":true,"href":"https:\/\/eterle.cz\/eshop\/wp-json\/wp\/v2\/product_brand?post=8478"},{"taxonomy":"product_cat","embeddable":true,"href":"https:\/\/eterle.cz\/eshop\/wp-json\/wp\/v2\/product_cat?post=8478"},{"taxonomy":"product_tag","embeddable":true,"href":"https:\/\/eterle.cz\/eshop\/wp-json\/wp\/v2\/product_tag?post=8478"}],"curies":[{"name":"wp","href":"https:\/\/api.w.org\/{rel}","templated":true}]}}