{"id":8504,"date":"2022-03-21T20:20:08","date_gmt":"2022-03-21T19:20:08","guid":{"rendered":"https:\/\/eterle.cz\/eshop\/produkt\/kovova-vaza-amfora\/"},"modified":"2025-02-16T03:02:37","modified_gmt":"2025-02-16T02:02:37","slug":"kovova-vaza-amfora","status":"publish","type":"product","link":"https:\/\/eterle.cz\/eshop\/produkt\/kovova-vaza-amfora\/","title":{"rendered":"Kovov\u00e1 v\u00e1za amfora"},"content":{"rendered":"<p>Kovov\u00e1 v\u00e1za ve tvaru amfory. Sat\u010d\u00ed do n\u00ed d\u00e1t slune\u010dnice a m\u00e1te doma Vincenta van Gogha. Na ja\u0159e do n\u00ed m\u016f\u017eete d\u00e1t vrbu nebo ko\u010di\u010dky. V zim\u011b je vyst\u0159\u00eddaj\u00ed jehli\u010dnany, kter\u00e9 m\u016f\u017eete ozdobit pern\u00ed\u010dky. Kr\u00e1sn\u011b bude vypadat t\u0159eba v hale.<\/p>\n<p>Stav: v\u00fdborn\u00fd<br \/>\nRozm\u011br<br \/>\nHorn\u00ed pr\u016fm\u011br: 8,5 cm<br \/>\nSpodn\u00ed pr\u016fm\u011br: 12,5 cm<br \/>\nV\u00fd\u0161ka: 33 cm<\/p>\n","protected":false},"excerpt":{"rendered":"<p>Kovov\u00e1 v\u00e1za ve tvaru amfory. Sat\u010d\u00ed do n\u00ed d\u00e1t slune\u010dnice a m\u00e1te doma Vincenta van Gogha. Na ja\u0159e do n\u00ed<\/p>\n","protected":false},"featured_media":8505,"template":"","meta":[],"product_brand":[153],"product_cat":[91],"product_tag":[],"class_list":{"0":"post-8504","1":"product","2":"type-product","3":"status-publish","4":"has-post-thumbnail","6":"product_brand-eterle-cz","7":"product_cat-prodane","9":"first","10":"outofstock","11":"purchasable","12":"product-type-simple"},"_links":{"self":[{"href":"https:\/\/eterle.cz\/eshop\/wp-json\/wp\/v2\/product\/8504","targetHints":{"allow":["GET"]}}],"collection":[{"href":"https:\/\/eterle.cz\/eshop\/wp-json\/wp\/v2\/product"}],"about":[{"href":"https:\/\/eterle.cz\/eshop\/wp-json\/wp\/v2\/types\/product"}],"version-history":[{"count":0,"href":"https:\/\/eterle.cz\/eshop\/wp-json\/wp\/v2\/product\/8504\/revisions"}],"wp:featuredmedia":[{"embeddable":true,"href":"https:\/\/eterle.cz\/eshop\/wp-json\/wp\/v2\/media\/8505"}],"wp:attachment":[{"href":"https:\/\/eterle.cz\/eshop\/wp-json\/wp\/v2\/media?parent=8504"}],"wp:term":[{"taxonomy":"product_brand","embeddable":true,"href":"https:\/\/eterle.cz\/eshop\/wp-json\/wp\/v2\/product_brand?post=8504"},{"taxonomy":"product_cat","embeddable":true,"href":"https:\/\/eterle.cz\/eshop\/wp-json\/wp\/v2\/product_cat?post=8504"},{"taxonomy":"product_tag","embeddable":true,"href":"https:\/\/eterle.cz\/eshop\/wp-json\/wp\/v2\/product_tag?post=8504"}],"curies":[{"name":"wp","href":"https:\/\/api.w.org\/{rel}","templated":true}]}}