{"id":8539,"date":"2022-03-21T20:21:15","date_gmt":"2022-03-21T19:21:15","guid":{"rendered":"https:\/\/eterle.cz\/eshop\/produkt\/porcelanova-vaza-s-kvety-haas-a-czjzek\/"},"modified":"2025-02-16T03:02:35","modified_gmt":"2025-02-16T02:02:35","slug":"porcelanova-vaza-s-kvety-haas-a-czjzek","status":"publish","type":"product","link":"https:\/\/eterle.cz\/eshop\/produkt\/porcelanova-vaza-s-kvety-haas-a-czjzek\/","title":{"rendered":"Porcel\u00e1nov\u00e1 v\u00e1za s kv\u011bty \/ Haas a Czjzek"},"content":{"rendered":"<p>N\u00e1dhern\u00e1 v\u00e1za s kv\u011btinov\u00fdm dekorem, u kter\u00e9 jsme se hodn\u011b rozm\u00fd\u0161lely, zda si ji nenechat. Poch\u00e1z\u00ed ze Slavkova z nejstar\u0161\u00ed porcel\u00e1nky v \u010cech\u00e1ch \u2013 Haas a Czjek. Jeliko\u017e se jedn\u00e1 o v\u011bt\u0161\u00ed a v\u00fdraznou v\u00e1zu, bude j\u00ed to slu\u0161et v pat\u0159i\u010dn\u00e9m prostoru &#8211; hala, konferen\u010dn\u00ed stolek jen pro ni nebo velk\u00fd j\u00eddeln\u00ed st\u016fl. Obs\u00e1hne pom\u011brn\u011b dost kv\u011btin, ale vzhledem k v\u00fdrazn\u00e9mu kv\u011btinov\u00e9mu zdoben\u00ed, posta\u010d\u00ed ji\u017e jednoduhov\u00e1 kv\u011btinov\u00e1 dekroace.<\/p>\n<p>Stav: perfektn\u00ed<br \/>\nRozm\u011br<br \/>\nHorn\u00ed pr\u016fm\u011br: 12,5 cm<br \/>\nDoln\u00ed pr\u016fm\u011br: 10 cm<br \/>\nV\u00fd\u0161ka: 23 cm<\/p>\n","protected":false},"excerpt":{"rendered":"<p>N\u00e1dhern\u00e1 v\u00e1za s kv\u011btinov\u00fdm dekorem, u kter\u00e9 jsme se hodn\u011b rozm\u00fd\u0161lely, zda si ji nenechat. Poch\u00e1z\u00ed ze Slavkova z nejstar\u0161\u00ed<\/p>\n","protected":false},"featured_media":8540,"template":"","meta":[],"product_brand":[153],"product_cat":[91],"product_tag":[],"class_list":{"0":"post-8539","1":"product","2":"type-product","3":"status-publish","4":"has-post-thumbnail","6":"product_brand-eterle-cz","7":"product_cat-prodane","9":"first","10":"outofstock","11":"purchasable","12":"product-type-simple"},"_links":{"self":[{"href":"https:\/\/eterle.cz\/eshop\/wp-json\/wp\/v2\/product\/8539","targetHints":{"allow":["GET"]}}],"collection":[{"href":"https:\/\/eterle.cz\/eshop\/wp-json\/wp\/v2\/product"}],"about":[{"href":"https:\/\/eterle.cz\/eshop\/wp-json\/wp\/v2\/types\/product"}],"version-history":[{"count":0,"href":"https:\/\/eterle.cz\/eshop\/wp-json\/wp\/v2\/product\/8539\/revisions"}],"wp:featuredmedia":[{"embeddable":true,"href":"https:\/\/eterle.cz\/eshop\/wp-json\/wp\/v2\/media\/8540"}],"wp:attachment":[{"href":"https:\/\/eterle.cz\/eshop\/wp-json\/wp\/v2\/media?parent=8539"}],"wp:term":[{"taxonomy":"product_brand","embeddable":true,"href":"https:\/\/eterle.cz\/eshop\/wp-json\/wp\/v2\/product_brand?post=8539"},{"taxonomy":"product_cat","embeddable":true,"href":"https:\/\/eterle.cz\/eshop\/wp-json\/wp\/v2\/product_cat?post=8539"},{"taxonomy":"product_tag","embeddable":true,"href":"https:\/\/eterle.cz\/eshop\/wp-json\/wp\/v2\/product_tag?post=8539"}],"curies":[{"name":"wp","href":"https:\/\/api.w.org\/{rel}","templated":true}]}}