{"id":8613,"date":"2022-03-23T13:08:50","date_gmt":"2022-03-23T12:08:50","guid":{"rendered":"https:\/\/eterle.cz\/eshop\/produkt\/dzbanek-lc-czechoslovakia\/"},"modified":"2025-02-16T03:02:31","modified_gmt":"2025-02-16T02:02:31","slug":"dzbanek-lc-czechoslovakia","status":"publish","type":"product","link":"https:\/\/eterle.cz\/eshop\/produkt\/dzbanek-lc-czechoslovakia\/","title":{"rendered":"D\u017eb\u00e1nek \/ LC Czechoslovakia"},"content":{"rendered":"<p>Porcel\u00e1nov\u00e1 tov\u00e1rna Bohemian Concordia Lesov (Lessau) byla zalo\u017eena v roce 1888 Ernstem Maderem. V \u0159ad\u011b let byla zkoupena n\u011bkolika porcel\u00e1nkami, a\u017e nakonec v roce 2009 ji koupil Thun.Tento buclat\u00fd d\u017eb\u00e1nek poch\u00e1z\u00ed z obdob\u00ed \u010ceskoslovenska a bude kr\u00e1sn\u00fdm dopl\u0148kem na venkovsk\u00e9 chalup\u011b. Zdob\u00ed ho plody angre\u0161tu a a\u010d dozr\u00e1vaj\u00ed v \u010dervenci, d\u017eb\u00e1nek barevnost\u00ed p\u016fsob\u00ed sp\u00ed\u0161e podzimn\u011b.<\/p>\n<p>Stav: perfektn\u00ed vintage stav. M\u00edsty nepatrn\u00e9 set\u0159en\u00ed modr\u00e9 linky. Ucho na vnit\u0159n\u00ed stran\u011b drobn\u00e9 jakoby rezav\u00e9 te\u010dky<br \/>\nZna\u010dka: Concordia Lesov (LC)<br \/>\nRozm\u011br<br \/>\nObjem: 1,2 l<br \/>\nV\u00fd\u0161ka: 17 cm<\/p>\n","protected":false},"excerpt":{"rendered":"<p>Porcel\u00e1nov\u00e1 tov\u00e1rna Bohemian Concordia Lesov (Lessau) byla zalo\u017eena v roce 1888 Ernstem Maderem. V \u0159ad\u011b let byla zkoupena n\u011bkolika porcel\u00e1nkami,<\/p>\n","protected":false},"featured_media":8614,"template":"","meta":[],"product_brand":[153],"product_cat":[91],"product_tag":[],"class_list":{"0":"post-8613","1":"product","2":"type-product","3":"status-publish","4":"has-post-thumbnail","6":"product_brand-eterle-cz","7":"product_cat-prodane","9":"first","10":"outofstock","11":"purchasable","12":"product-type-simple"},"_links":{"self":[{"href":"https:\/\/eterle.cz\/eshop\/wp-json\/wp\/v2\/product\/8613","targetHints":{"allow":["GET"]}}],"collection":[{"href":"https:\/\/eterle.cz\/eshop\/wp-json\/wp\/v2\/product"}],"about":[{"href":"https:\/\/eterle.cz\/eshop\/wp-json\/wp\/v2\/types\/product"}],"version-history":[{"count":0,"href":"https:\/\/eterle.cz\/eshop\/wp-json\/wp\/v2\/product\/8613\/revisions"}],"wp:featuredmedia":[{"embeddable":true,"href":"https:\/\/eterle.cz\/eshop\/wp-json\/wp\/v2\/media\/8614"}],"wp:attachment":[{"href":"https:\/\/eterle.cz\/eshop\/wp-json\/wp\/v2\/media?parent=8613"}],"wp:term":[{"taxonomy":"product_brand","embeddable":true,"href":"https:\/\/eterle.cz\/eshop\/wp-json\/wp\/v2\/product_brand?post=8613"},{"taxonomy":"product_cat","embeddable":true,"href":"https:\/\/eterle.cz\/eshop\/wp-json\/wp\/v2\/product_cat?post=8613"},{"taxonomy":"product_tag","embeddable":true,"href":"https:\/\/eterle.cz\/eshop\/wp-json\/wp\/v2\/product_tag?post=8613"}],"curies":[{"name":"wp","href":"https:\/\/api.w.org\/{rel}","templated":true}]}}