{"id":8624,"date":"2022-03-23T13:09:08","date_gmt":"2022-03-23T12:09:08","guid":{"rendered":"https:\/\/eterle.cz\/eshop\/produkt\/kavova-konvicka-epiag-d-f\/"},"modified":"2025-02-16T03:02:30","modified_gmt":"2025-02-16T02:02:30","slug":"kavova-konvicka-epiag-d-f","status":"publish","type":"product","link":"https:\/\/eterle.cz\/eshop\/produkt\/kavova-konvicka-epiag-d-f\/","title":{"rendered":"K\u00e1vov\u00e1 konvi\u010dka \/ Epiag D.F."},"content":{"rendered":"<p>Subtiln\u00ed k\u00e1vov\u00e1 konvi\u010dka zdobena pouze jemn\u00fdm modr\u00fd prou\u017ekem na obvodu hrdla m\u00e1 p\u0159i bli\u017e\u0161\u00edm ohled\u00e1n\u00ed dal\u0161\u00ed kr\u00e1sn\u00e9 detaily &#8211; odsko\u010den\u00e9 dno, kosen\u00e9 hrany, ou\u0161ko evokuje p\u016fl srd\u00ed\u010dka. Epiag D.F. je zna\u010dka porcel\u00e1nky v Dalovic\u00edch. Tov\u00e1rna byla zalo\u017eena roku 1804 a slou\u017eila na v\u00fdrobu kameniny. Od roku 1830 pak vyr\u00e1b\u011bla porcel\u00e1n.<\/p>\n<p>Stav: perfektn\u00ed<br \/>\nZna\u010dka: Epiag D.F.<br \/>\nRozm\u011br<br \/>\nObjem: 800 ml<br \/>\nV\u00fd\u0161ka:  20 cm<\/p>\n","protected":false},"excerpt":{"rendered":"<p>Subtiln\u00ed k\u00e1vov\u00e1 konvi\u010dka zdobena pouze jemn\u00fdm modr\u00fd prou\u017ekem na obvodu hrdla m\u00e1 p\u0159i bli\u017e\u0161\u00edm ohled\u00e1n\u00ed dal\u0161\u00ed kr\u00e1sn\u00e9 detaily &#8211; odsko\u010den\u00e9<\/p>\n","protected":false},"featured_media":8625,"template":"","meta":[],"product_brand":[153],"product_cat":[91],"product_tag":[],"class_list":{"0":"post-8624","1":"product","2":"type-product","3":"status-publish","4":"has-post-thumbnail","6":"product_brand-eterle-cz","7":"product_cat-prodane","9":"first","10":"outofstock","11":"purchasable","12":"product-type-simple"},"_links":{"self":[{"href":"https:\/\/eterle.cz\/eshop\/wp-json\/wp\/v2\/product\/8624","targetHints":{"allow":["GET"]}}],"collection":[{"href":"https:\/\/eterle.cz\/eshop\/wp-json\/wp\/v2\/product"}],"about":[{"href":"https:\/\/eterle.cz\/eshop\/wp-json\/wp\/v2\/types\/product"}],"version-history":[{"count":0,"href":"https:\/\/eterle.cz\/eshop\/wp-json\/wp\/v2\/product\/8624\/revisions"}],"wp:featuredmedia":[{"embeddable":true,"href":"https:\/\/eterle.cz\/eshop\/wp-json\/wp\/v2\/media\/8625"}],"wp:attachment":[{"href":"https:\/\/eterle.cz\/eshop\/wp-json\/wp\/v2\/media?parent=8624"}],"wp:term":[{"taxonomy":"product_brand","embeddable":true,"href":"https:\/\/eterle.cz\/eshop\/wp-json\/wp\/v2\/product_brand?post=8624"},{"taxonomy":"product_cat","embeddable":true,"href":"https:\/\/eterle.cz\/eshop\/wp-json\/wp\/v2\/product_cat?post=8624"},{"taxonomy":"product_tag","embeddable":true,"href":"https:\/\/eterle.cz\/eshop\/wp-json\/wp\/v2\/product_tag?post=8624"}],"curies":[{"name":"wp","href":"https:\/\/api.w.org\/{rel}","templated":true}]}}