{"id":8715,"date":"2022-04-19T23:14:48","date_gmt":"2022-04-19T21:14:48","guid":{"rendered":"https:\/\/eterle.cz\/eshop\/produkt\/jideni-stul-jindrich-halabala\/"},"modified":"2025-02-16T03:02:27","modified_gmt":"2025-02-16T02:02:27","slug":"jideni-stul-jindrich-halabala","status":"publish","type":"product","link":"https:\/\/eterle.cz\/eshop\/produkt\/jideni-stul-jindrich-halabala\/","title":{"rendered":"J\u00edden\u00ed st\u016fl \/ Jind\u0159ich Halabala"},"content":{"rendered":"<p>Rozkl\u00e1dac\u00ed j\u00eddeln\u00ed st\u016fl podle n\u00e1vrhu Jind\u0159icha Hlabaly pro \u00daP z\u00e1vody. Halabalovo d\u00edlo je pova\u017eov\u00e1no za spojen\u00ed mezi inovativn\u00edm \u010desk\u00fdm kubismem z roku 1910, art decem z po\u010d\u00e1tku dvac\u00e1t\u00fdch let a evropsk\u00fdm modern\u00edm um\u011bn\u00edm po druh\u00e9 sv\u011btov\u00e9 v\u00e1lce. Jeho komer\u010dn\u011b \u00fasp\u011b\u0161n\u00e9 designy byly siln\u011b zalo\u017eeny na designu Bauhausu.<\/p>\n<p>K dispozici i <a href=\"https:\/\/eterle.cz\/eshop\/produkt\/4-zidle-lizatka-jindrich-halabala\/\">4 j\u00eddeln\u00ed \u017eidle Halabala<\/a>.<\/p>\n<p>Stav: velmi dobr\u00fd p\u016fvodn\u00ed stav. Kr\u00e1sn\u00e1 horn\u00ed deska jen s drobnou r\u00fdhou.<br \/>\nZna\u010dka: Jind\u0159ich Halabala<br \/>\nRozm\u011br<br \/>\nD\u00e9lka: 120 cm<br \/>\nD\u00e9lka rozlo\u017een\u00fd: 190 cm<br \/>\nHloubka: 85 cm<br \/>\nV\u00fd\u0161ka: 77 cm<\/p>\n","protected":false},"excerpt":{"rendered":"<p>Rozkl\u00e1dac\u00ed j\u00eddeln\u00ed st\u016fl podle n\u00e1vrhu Jind\u0159icha Hlabaly pro \u00daP z\u00e1vody. Halabalovo d\u00edlo je pova\u017eov\u00e1no za spojen\u00ed mezi inovativn\u00edm \u010desk\u00fdm kubismem<\/p>\n","protected":false},"featured_media":8716,"template":"","meta":[],"product_brand":[153],"product_cat":[91],"product_tag":[],"class_list":{"0":"post-8715","1":"product","2":"type-product","3":"status-publish","4":"has-post-thumbnail","6":"product_brand-eterle-cz","7":"product_cat-prodane","8":"product_shipping_class-nadrozmerne","10":"first","11":"outofstock","12":"purchasable","13":"product-type-simple"},"_links":{"self":[{"href":"https:\/\/eterle.cz\/eshop\/wp-json\/wp\/v2\/product\/8715","targetHints":{"allow":["GET"]}}],"collection":[{"href":"https:\/\/eterle.cz\/eshop\/wp-json\/wp\/v2\/product"}],"about":[{"href":"https:\/\/eterle.cz\/eshop\/wp-json\/wp\/v2\/types\/product"}],"version-history":[{"count":0,"href":"https:\/\/eterle.cz\/eshop\/wp-json\/wp\/v2\/product\/8715\/revisions"}],"wp:featuredmedia":[{"embeddable":true,"href":"https:\/\/eterle.cz\/eshop\/wp-json\/wp\/v2\/media\/8716"}],"wp:attachment":[{"href":"https:\/\/eterle.cz\/eshop\/wp-json\/wp\/v2\/media?parent=8715"}],"wp:term":[{"taxonomy":"product_brand","embeddable":true,"href":"https:\/\/eterle.cz\/eshop\/wp-json\/wp\/v2\/product_brand?post=8715"},{"taxonomy":"product_cat","embeddable":true,"href":"https:\/\/eterle.cz\/eshop\/wp-json\/wp\/v2\/product_cat?post=8715"},{"taxonomy":"product_tag","embeddable":true,"href":"https:\/\/eterle.cz\/eshop\/wp-json\/wp\/v2\/product_tag?post=8715"}],"curies":[{"name":"wp","href":"https:\/\/api.w.org\/{rel}","templated":true}]}}