{"id":8735,"date":"2022-04-19T23:15:47","date_gmt":"2022-04-19T21:15:47","guid":{"rendered":"https:\/\/eterle.cz\/eshop\/produkt\/komoda\/"},"modified":"2025-02-16T03:02:26","modified_gmt":"2025-02-16T02:02:26","slug":"komoda","status":"publish","type":"product","link":"https:\/\/eterle.cz\/eshop\/produkt\/komoda\/","title":{"rendered":"Komoda"},"content":{"rendered":"<p>Dubov\u00e1 komoda z 60. let minul\u00e9ho stolet\u00ed s p\u011bti \u00falo\u017en\u00fdmi \u0161upl\u00edky najde vyu\u017eit\u00ed v ob\u00fdvac\u00edm pokoji nebo v lo\u017enici. P\u0159\u00edmo vyb\u00edz\u00ed k zav\u011b\u0161en\u00ed zrcadla nebo obrazu a vrchn\u00ed deska poslou\u017e\u00ed i jako prostor pro v\u00e1zu \u010di lampu. Komoda je sama o sob\u011b jednoduch\u00e1 i p\u0159es zaj\u00edmav\u00e9 \u00fachyty, tak\u017ee v\u00fdsledn\u00fd charakter j\u00ed dodaj\u00ed pr\u00e1v\u011b dekorace, kter\u00e9 mohou b\u00fdt v rozmanit\u00e9m stylu.<\/p>\n<p>Stav: drobn\u00e9 nedostatky, jinak zachoval\u00fd p\u016fvodn\u00ed stav. \u00dachyt horn\u00edho \u0161upl\u00edku na dvou m\u00edstech lehce \u0161t\u00edpl\u00fd (viz foto), dva doln\u00ed \u00fachyty \u0161upl\u00edku fl\u00ed\u010dek od vody (viz foto).<br \/>\nRozm\u011br<br \/>\n\u0160\u00ed\u0159ka: 101 cm<br \/>\nHloubka: 48 cm<br \/>\nV\u00fd\u0161ka: 76 cm<\/p>\n","protected":false},"excerpt":{"rendered":"<p>Dubov\u00e1 komoda z 60. let minul\u00e9ho stolet\u00ed s p\u011bti \u00falo\u017en\u00fdmi \u0161upl\u00edky najde vyu\u017eit\u00ed v ob\u00fdvac\u00edm pokoji nebo v lo\u017enici. P\u0159\u00edmo<\/p>\n","protected":false},"featured_media":8736,"template":"","meta":[],"product_brand":[153],"product_cat":[91],"product_tag":[],"class_list":{"0":"post-8735","1":"product","2":"type-product","3":"status-publish","4":"has-post-thumbnail","6":"product_brand-eterle-cz","7":"product_cat-prodane","8":"product_shipping_class-nadrozmerne","10":"first","11":"outofstock","12":"purchasable","13":"product-type-simple"},"_links":{"self":[{"href":"https:\/\/eterle.cz\/eshop\/wp-json\/wp\/v2\/product\/8735","targetHints":{"allow":["GET"]}}],"collection":[{"href":"https:\/\/eterle.cz\/eshop\/wp-json\/wp\/v2\/product"}],"about":[{"href":"https:\/\/eterle.cz\/eshop\/wp-json\/wp\/v2\/types\/product"}],"version-history":[{"count":0,"href":"https:\/\/eterle.cz\/eshop\/wp-json\/wp\/v2\/product\/8735\/revisions"}],"wp:featuredmedia":[{"embeddable":true,"href":"https:\/\/eterle.cz\/eshop\/wp-json\/wp\/v2\/media\/8736"}],"wp:attachment":[{"href":"https:\/\/eterle.cz\/eshop\/wp-json\/wp\/v2\/media?parent=8735"}],"wp:term":[{"taxonomy":"product_brand","embeddable":true,"href":"https:\/\/eterle.cz\/eshop\/wp-json\/wp\/v2\/product_brand?post=8735"},{"taxonomy":"product_cat","embeddable":true,"href":"https:\/\/eterle.cz\/eshop\/wp-json\/wp\/v2\/product_cat?post=8735"},{"taxonomy":"product_tag","embeddable":true,"href":"https:\/\/eterle.cz\/eshop\/wp-json\/wp\/v2\/product_tag?post=8735"}],"curies":[{"name":"wp","href":"https:\/\/api.w.org\/{rel}","templated":true}]}}