{"id":8765,"date":"2022-04-19T23:17:06","date_gmt":"2022-04-19T21:17:06","guid":{"rendered":"https:\/\/eterle.cz\/eshop\/produkt\/konferencni-stul-art-deco\/"},"modified":"2025-02-16T03:02:24","modified_gmt":"2025-02-16T02:02:24","slug":"konferencni-stul-art-deco","status":"publish","type":"product","link":"https:\/\/eterle.cz\/eshop\/produkt\/konferencni-stul-art-deco\/","title":{"rendered":"Konferen\u010dn\u00ed st\u016fl Art deco"},"content":{"rendered":"<p>Kr\u00e1sn\u00fd konferen\u010dn\u00ed st\u016fl z obdob\u00ed Art-Deco. Zaj\u00edmav\u011b tvarovan\u00e9 nohy v kombinaci s \u010dern\u00fdm opaxitov\u00fdm sklem. Tento st\u016fl bude kr\u00e1sn\u00fdm solit\u00e9rem a ozdobou va\u0161eho interi\u00e9ru.<\/p>\n<p>Stav: v hezk\u00e9m zachoval\u00e9m stavu, sklo nese zn\u00e1mky pou\u017e\u00edv\u00e1n\u00ed, ale nen\u00ed nikde \u0161t\u00edpl\u00e9.<br \/>\nRozm\u011br<br \/>\nPr\u016fm\u011br: 80 cm<br \/>\nV\u00fd\u0161ka: 60 cm<\/p>\n","protected":false},"excerpt":{"rendered":"<p>Kr\u00e1sn\u00fd konferen\u010dn\u00ed st\u016fl z obdob\u00ed Art-Deco. Zaj\u00edmav\u011b tvarovan\u00e9 nohy v kombinaci s \u010dern\u00fdm opaxitov\u00fdm sklem. Tento st\u016fl bude kr\u00e1sn\u00fdm solit\u00e9rem<\/p>\n","protected":false},"featured_media":8766,"template":"","meta":[],"product_brand":[153],"product_cat":[91],"product_tag":[],"class_list":{"0":"post-8765","1":"product","2":"type-product","3":"status-publish","4":"has-post-thumbnail","6":"product_brand-eterle-cz","7":"product_cat-prodane","8":"product_shipping_class-nadrozmerne","10":"first","11":"outofstock","12":"purchasable","13":"product-type-simple"},"_links":{"self":[{"href":"https:\/\/eterle.cz\/eshop\/wp-json\/wp\/v2\/product\/8765","targetHints":{"allow":["GET"]}}],"collection":[{"href":"https:\/\/eterle.cz\/eshop\/wp-json\/wp\/v2\/product"}],"about":[{"href":"https:\/\/eterle.cz\/eshop\/wp-json\/wp\/v2\/types\/product"}],"version-history":[{"count":0,"href":"https:\/\/eterle.cz\/eshop\/wp-json\/wp\/v2\/product\/8765\/revisions"}],"wp:featuredmedia":[{"embeddable":true,"href":"https:\/\/eterle.cz\/eshop\/wp-json\/wp\/v2\/media\/8766"}],"wp:attachment":[{"href":"https:\/\/eterle.cz\/eshop\/wp-json\/wp\/v2\/media?parent=8765"}],"wp:term":[{"taxonomy":"product_brand","embeddable":true,"href":"https:\/\/eterle.cz\/eshop\/wp-json\/wp\/v2\/product_brand?post=8765"},{"taxonomy":"product_cat","embeddable":true,"href":"https:\/\/eterle.cz\/eshop\/wp-json\/wp\/v2\/product_cat?post=8765"},{"taxonomy":"product_tag","embeddable":true,"href":"https:\/\/eterle.cz\/eshop\/wp-json\/wp\/v2\/product_tag?post=8765"}],"curies":[{"name":"wp","href":"https:\/\/api.w.org\/{rel}","templated":true}]}}

Konferenční stůl Art deco

<p>Krásný konferenční stůl z období Art-Deco. Zajímavě tvarované nohy v kombinaci s černým opaxitovým sklem. Tento stůl bude krásným solitérem a ozdobou vašeho interiéru.</p>
<p>Stav: v hezkém zachovalém stavu, sklo nese známky používání, ale není nikde štíplé.<br />
Rozměr<br />
Průměr: 80 cm<br />
Výška: 60 cm</p>

<p>Krásný konferenční stůl z období Art-Deco. Zajímavě tvarované nohy v kombinaci s černým opaxitovým sklem. Tento stůl bude krásným solitérem</p>
