{"id":9347,"date":"2022-07-11T22:22:59","date_gmt":"2022-07-11T20:22:59","guid":{"rendered":"https:\/\/eterle.cz\/eshop\/produkt\/snidanova-sada-pro-4-entwurf-prof-karl\/"},"modified":"2025-06-24T01:51:44","modified_gmt":"2025-06-23T23:51:44","slug":"snidanova-sada-pro-4-entwurf-prof-karl","status":"publish","type":"product","link":"https:\/\/eterle.cz\/eshop\/produkt\/snidanova-sada-pro-4-entwurf-prof-karl\/","title":{"rendered":"Sn\u00edda\u0148ov\u00e1 sada pro 4 \/ Entwurf Prof Karl"},"content":{"rendered":"<p>Sn\u00edda\u0148ov\u00e1 sada s ml\u00e9\u010denkou n\u011bmeck\u00e9 porcel\u00e1nky Entwurf Prof Karl z 50.- 60. let minul\u00e9ho stolet\u00ed. Jemnou kresbou travin evokuje Japosko, stejn\u011b jako tenkost porcel\u00e1nu a tvar \u010dajov\u00fdch \u0161\u00e1lk\u016f.<\/p>\n<p>Stav: dobr\u00fd, na n\u011bkter\u00fdch tal\u00ed\u0159k\u00e1ch mal\u00e1 te\u010dka (vada v glazu\u0159e). Jeden dezertn\u00ed tal\u00ed\u0159ek m\u00e1 miniaturn\u00ed \u0161t\u00edpnut\u00ed na okraji ve zlat\u00e9 lince<br \/>\nZna\u010dka: Entwurf Prof Karl<br \/>\nRozm\u011br<br \/>\nObjem hrne\u010dku: 150 ml<br \/>\nObjem ml\u00e9kovky: 175 ml<br \/>\nPr\u016fm\u011br pod\u0161\u00e1lku: 15 cm<br \/>\nPr\u016fm\u011br tal\u00ed\u0159ku: 19 cm<\/p>\n","protected":false},"excerpt":{"rendered":"<p>Sn\u00edda\u0148ov\u00e1 sada s ml\u00e9\u010denkou n\u011bmeck\u00e9 porcel\u00e1nky Entwurf Prof Karl z 50.- 60. let minul\u00e9ho stolet\u00ed. Jemnou kresbou travin evokuje Japosko,<\/p>\n","protected":false},"featured_media":9348,"template":"","meta":[],"product_brand":[153],"product_cat":[76,111],"product_tag":[],"class_list":{"0":"post-9347","1":"product","2":"type-product","3":"status-publish","4":"has-post-thumbnail","6":"product_brand-eterle-cz","7":"product_cat-porcelan","8":"product_cat-porcelanove-sady","10":"first","11":"instock","12":"purchasable","13":"product-type-simple"},"_links":{"self":[{"href":"https:\/\/eterle.cz\/eshop\/wp-json\/wp\/v2\/product\/9347","targetHints":{"allow":["GET"]}}],"collection":[{"href":"https:\/\/eterle.cz\/eshop\/wp-json\/wp\/v2\/product"}],"about":[{"href":"https:\/\/eterle.cz\/eshop\/wp-json\/wp\/v2\/types\/product"}],"version-history":[{"count":1,"href":"https:\/\/eterle.cz\/eshop\/wp-json\/wp\/v2\/product\/9347\/revisions"}],"predecessor-version":[{"id":26079,"href":"https:\/\/eterle.cz\/eshop\/wp-json\/wp\/v2\/product\/9347\/revisions\/26079"}],"wp:featuredmedia":[{"embeddable":true,"href":"https:\/\/eterle.cz\/eshop\/wp-json\/wp\/v2\/media\/9348"}],"wp:attachment":[{"href":"https:\/\/eterle.cz\/eshop\/wp-json\/wp\/v2\/media?parent=9347"}],"wp:term":[{"taxonomy":"product_brand","embeddable":true,"href":"https:\/\/eterle.cz\/eshop\/wp-json\/wp\/v2\/product_brand?post=9347"},{"taxonomy":"product_cat","embeddable":true,"href":"https:\/\/eterle.cz\/eshop\/wp-json\/wp\/v2\/product_cat?post=9347"},{"taxonomy":"product_tag","embeddable":true,"href":"https:\/\/eterle.cz\/eshop\/wp-json\/wp\/v2\/product_tag?post=9347"}],"curies":[{"name":"wp","href":"https:\/\/api.w.org\/{rel}","templated":true}]}}