{"id":9371,"date":"2022-07-11T22:24:23","date_gmt":"2022-07-11T20:24:23","guid":{"rendered":"https:\/\/eterle.cz\/eshop\/produkt\/sada-dezertnich-talirku-wedgwood\/"},"modified":"2026-01-15T09:18:50","modified_gmt":"2026-01-15T08:18:50","slug":"sada-dezertnich-talirku-wedgwood","status":"publish","type":"product","link":"https:\/\/eterle.cz\/eshop\/produkt\/sada-dezertnich-talirku-wedgwood\/","title":{"rendered":"Sada dezertn\u00edch tal\u00ed\u0159k\u016f \/ Wedgwood"},"content":{"rendered":"<p>Dezertn\u00ed tal\u00ed\u0159ky od exkluzivn\u00ed zna\u010dky Wedgwood se vzorem Napoleon Ivy, jeho\u017e v\u00fdrobu Wedgwood zah\u00e1jil v roce 1815 a v roce 2003 ji ukon\u010dil. Vyzna\u010duje se kr\u00e9mov\u011b zbarven\u00fdm pozad\u00edm s okrajem b\u0159e\u010d\u0165anov\u00fdch list\u016f a jedn\u00e1 se o velmi \u017e\u00e1dan\u00e9 a sb\u011bratelsk\u00e9 kousky. Josiah Wedgwood poprv\u00e9 p\u0159edstavil svou kr\u00e9mov\u011b zbarvenou keramiku v 60. letech 18.. Kr\u00e1lovn\u011b Charlotte daroval \u010dajov\u00fd servis v tomto nov\u00e9m proveden\u00ed a ona si ho zamilovala natolik, \u017ee ho po\u017e\u00e1dala, aby jej nazval &#8222;Queen\u2019s Ware&#8220;. Toto ozna\u010den\u00ed se pou\u017e\u00edv\u00e1 dodnes. Vzor s b\u0159e\u010d\u0165anem pou\u017eil Napoleon na Svat\u00e9 Helen\u011b v roce 1815, kdy\u017e byl v exilu, proto ozna\u010den\u00ed &#8222;Napoleon Ivy&#8220;.<\/p>\n<p>Stav: velmi dobr\u00fd<br \/>\nZna\u010dka: Wedgwood<br \/>\nRozm\u011br<br \/>\nPr\u016fm\u011br: 20,5 cm<\/p>\n","protected":false},"excerpt":{"rendered":"<p>Dezertn\u00ed tal\u00ed\u0159ky od exkluzivn\u00ed zna\u010dky Wedgwood se vzorem Napoleon Ivy, jeho\u017e v\u00fdrobu Wedgwood zah\u00e1jil v roce 1815 a v roce<\/p>\n","protected":false},"featured_media":9372,"template":"","meta":[],"product_brand":[153],"product_cat":[91],"product_tag":[],"class_list":{"0":"post-9371","1":"product","2":"type-product","3":"status-publish","4":"has-post-thumbnail","6":"product_brand-eterle-cz","7":"product_cat-prodane","9":"first","10":"outofstock","11":"purchasable","12":"product-type-simple"},"_links":{"self":[{"href":"https:\/\/eterle.cz\/eshop\/wp-json\/wp\/v2\/product\/9371","targetHints":{"allow":["GET"]}}],"collection":[{"href":"https:\/\/eterle.cz\/eshop\/wp-json\/wp\/v2\/product"}],"about":[{"href":"https:\/\/eterle.cz\/eshop\/wp-json\/wp\/v2\/types\/product"}],"version-history":[{"count":1,"href":"https:\/\/eterle.cz\/eshop\/wp-json\/wp\/v2\/product\/9371\/revisions"}],"predecessor-version":[{"id":26075,"href":"https:\/\/eterle.cz\/eshop\/wp-json\/wp\/v2\/product\/9371\/revisions\/26075"}],"wp:featuredmedia":[{"embeddable":true,"href":"https:\/\/eterle.cz\/eshop\/wp-json\/wp\/v2\/media\/9372"}],"wp:attachment":[{"href":"https:\/\/eterle.cz\/eshop\/wp-json\/wp\/v2\/media?parent=9371"}],"wp:term":[{"taxonomy":"product_brand","embeddable":true,"href":"https:\/\/eterle.cz\/eshop\/wp-json\/wp\/v2\/product_brand?post=9371"},{"taxonomy":"product_cat","embeddable":true,"href":"https:\/\/eterle.cz\/eshop\/wp-json\/wp\/v2\/product_cat?post=9371"},{"taxonomy":"product_tag","embeddable":true,"href":"https:\/\/eterle.cz\/eshop\/wp-json\/wp\/v2\/product_tag?post=9371"}],"curies":[{"name":"wp","href":"https:\/\/api.w.org\/{rel}","templated":true}]}}