{"id":9382,"date":"2022-07-11T22:24:23","date_gmt":"2022-07-11T20:24:23","guid":{"rendered":"https:\/\/eterle.cz\/eshop\/produkt\/snidanova-sada-pro-6-osob-hutschenreuther\/"},"modified":"2025-06-24T01:51:43","modified_gmt":"2025-06-23T23:51:43","slug":"snidanova-sada-pro-6-osob-hutschenreuther","status":"publish","type":"product","link":"https:\/\/eterle.cz\/eshop\/produkt\/snidanova-sada-pro-6-osob-hutschenreuther\/","title":{"rendered":"Sn\u00edda\u0148ov\u00e1 sada pro 6 osob \/  Hutschenreuther"},"content":{"rendered":"<p>Sn\u00edda\u0148ov\u00e1 sada od n\u011bmeck\u00e9 porcel\u00e1nky Hutschenreuther, zalo\u017een\u00e9 v roce 1814 jako prvn\u00ed soukrom\u00e1 porcel\u00e1nka v severov\u00fdchodn\u00edm Bavorsku. Hutschenreuther se vyvinul jako stylov\u00e1 zna\u010dka pro p\u0159\u00edjemn\u00e9 bydlen\u00ed a d\u016fmysln\u00e9 n\u00e1pady na d\u00e1rky. Sada je vyrobena z tenk\u00e9ho porcel\u00e1nu a na n\u011b\u017enosti ji p\u0159id\u00e1v\u00e1 i tvar a dekor t\u0159\u00ed kvetouc\u00edch trav a mu\u0161ky jenom zlat\u00e9 (v hn\u011bd\u00e9 barv\u011b).<\/p>\n<p>Stav: velmi dobr\u00fd<br \/>\nZna\u010dka: Hutschenreuther<br \/>\nRozm\u011br<br \/>\nObjem \u0161\u00e1lku: 150 ml<br \/>\nPr\u016fm\u011br pod\u0161\u00e1lku: 15,5 cm<br \/>\nPr\u016fm\u011br tal\u00ed\u0159ku: 19,5 cm<\/p>\n","protected":false},"excerpt":{"rendered":"<p>Sn\u00edda\u0148ov\u00e1 sada od n\u011bmeck\u00e9 porcel\u00e1nky Hutschenreuther, zalo\u017een\u00e9 v roce 1814 jako prvn\u00ed soukrom\u00e1 porcel\u00e1nka v severov\u00fdchodn\u00edm Bavorsku. Hutschenreuther se vyvinul<\/p>\n","protected":false},"featured_media":9383,"template":"","meta":[],"product_brand":[153],"product_cat":[76,111],"product_tag":[],"class_list":{"0":"post-9382","1":"product","2":"type-product","3":"status-publish","4":"has-post-thumbnail","6":"product_brand-eterle-cz","7":"product_cat-porcelan","8":"product_cat-porcelanove-sady","10":"first","11":"instock","12":"sale","13":"purchasable","14":"product-type-simple"},"_links":{"self":[{"href":"https:\/\/eterle.cz\/eshop\/wp-json\/wp\/v2\/product\/9382","targetHints":{"allow":["GET"]}}],"collection":[{"href":"https:\/\/eterle.cz\/eshop\/wp-json\/wp\/v2\/product"}],"about":[{"href":"https:\/\/eterle.cz\/eshop\/wp-json\/wp\/v2\/types\/product"}],"version-history":[{"count":1,"href":"https:\/\/eterle.cz\/eshop\/wp-json\/wp\/v2\/product\/9382\/revisions"}],"predecessor-version":[{"id":26076,"href":"https:\/\/eterle.cz\/eshop\/wp-json\/wp\/v2\/product\/9382\/revisions\/26076"}],"wp:featuredmedia":[{"embeddable":true,"href":"https:\/\/eterle.cz\/eshop\/wp-json\/wp\/v2\/media\/9383"}],"wp:attachment":[{"href":"https:\/\/eterle.cz\/eshop\/wp-json\/wp\/v2\/media?parent=9382"}],"wp:term":[{"taxonomy":"product_brand","embeddable":true,"href":"https:\/\/eterle.cz\/eshop\/wp-json\/wp\/v2\/product_brand?post=9382"},{"taxonomy":"product_cat","embeddable":true,"href":"https:\/\/eterle.cz\/eshop\/wp-json\/wp\/v2\/product_cat?post=9382"},{"taxonomy":"product_tag","embeddable":true,"href":"https:\/\/eterle.cz\/eshop\/wp-json\/wp\/v2\/product_tag?post=9382"}],"curies":[{"name":"wp","href":"https:\/\/api.w.org\/{rel}","templated":true}]}}