{"id":9434,"date":"2022-07-11T22:25:17","date_gmt":"2022-07-11T20:25:17","guid":{"rendered":"https:\/\/eterle.cz\/eshop\/produkt\/misa-selb-bavaria\/"},"modified":"2025-06-24T01:51:42","modified_gmt":"2025-06-23T23:51:42","slug":"misa-selb-bavaria","status":"publish","type":"product","link":"https:\/\/eterle.cz\/eshop\/produkt\/misa-selb-bavaria\/","title":{"rendered":"M\u00edsa \/ Selb Bavaria"},"content":{"rendered":"<p>Obdeln\u00edkov\u00e1 m\u00edsa se zv\u00fd\u0161en\u00fdm okrajem dle velmi realistck\u00e9ho n\u00e1vodu po obvodu vhodn\u00e1 na houby, raj\u010data, \u0161pargl, ryby a tak d\u00e1le.<\/p>\n<p>Stav: perfektn\u00ed<br \/>\nZna\u010dka: Selb Bavaria<br \/>\nRozm\u011br<br \/>\n\u0160\u00ed\u0159ka: 23 cm<br \/>\nD\u00e9lka: 31 cm<\/p>\n","protected":false},"excerpt":{"rendered":"<p>Obdeln\u00edkov\u00e1 m\u00edsa se zv\u00fd\u0161en\u00fdm okrajem dle velmi realistck\u00e9ho n\u00e1vodu po obvodu vhodn\u00e1 na houby, raj\u010data, \u0161pargl, ryby a tak d\u00e1le.<\/p>\n","protected":false},"featured_media":9435,"template":"","meta":[],"product_brand":[153],"product_cat":[76,110],"product_tag":[],"class_list":{"0":"post-9434","1":"product","2":"type-product","3":"status-publish","4":"has-post-thumbnail","6":"product_brand-eterle-cz","7":"product_cat-porcelan","8":"product_cat-misy","10":"first","11":"instock","12":"purchasable","13":"product-type-simple"},"_links":{"self":[{"href":"https:\/\/eterle.cz\/eshop\/wp-json\/wp\/v2\/product\/9434","targetHints":{"allow":["GET"]}}],"collection":[{"href":"https:\/\/eterle.cz\/eshop\/wp-json\/wp\/v2\/product"}],"about":[{"href":"https:\/\/eterle.cz\/eshop\/wp-json\/wp\/v2\/types\/product"}],"version-history":[{"count":1,"href":"https:\/\/eterle.cz\/eshop\/wp-json\/wp\/v2\/product\/9434\/revisions"}],"predecessor-version":[{"id":26074,"href":"https:\/\/eterle.cz\/eshop\/wp-json\/wp\/v2\/product\/9434\/revisions\/26074"}],"wp:featuredmedia":[{"embeddable":true,"href":"https:\/\/eterle.cz\/eshop\/wp-json\/wp\/v2\/media\/9435"}],"wp:attachment":[{"href":"https:\/\/eterle.cz\/eshop\/wp-json\/wp\/v2\/media?parent=9434"}],"wp:term":[{"taxonomy":"product_brand","embeddable":true,"href":"https:\/\/eterle.cz\/eshop\/wp-json\/wp\/v2\/product_brand?post=9434"},{"taxonomy":"product_cat","embeddable":true,"href":"https:\/\/eterle.cz\/eshop\/wp-json\/wp\/v2\/product_cat?post=9434"},{"taxonomy":"product_tag","embeddable":true,"href":"https:\/\/eterle.cz\/eshop\/wp-json\/wp\/v2\/product_tag?post=9434"}],"curies":[{"name":"wp","href":"https:\/\/api.w.org\/{rel}","templated":true}]}}