{"id":9440,"date":"2022-07-11T22:25:17","date_gmt":"2022-07-11T20:25:17","guid":{"rendered":"https:\/\/eterle.cz\/eshop\/produkt\/sada-na-kavu-pro-6-osob-freiberger\/"},"modified":"2025-02-16T03:02:13","modified_gmt":"2025-02-16T02:02:13","slug":"sada-na-kavu-pro-6-osob-freiberger","status":"publish","type":"product","link":"https:\/\/eterle.cz\/eshop\/produkt\/sada-na-kavu-pro-6-osob-freiberger\/","title":{"rendered":"Sada na k\u00e1vu pro 6 osob \/ Freiberger"},"content":{"rendered":"<p>N\u00e1dhern\u00e1 sada na k\u00e1vu z n\u011bmeck\u00e9 porcel\u00e1nky Freiberger, zalo\u017een\u00e9 roku 1906. N\u011b\u017en\u00fd dekor l\u00edste\u010dek\u016f v olivov\u00e9 barv\u011b, jemn\u00e1 zlat\u00e1 linka a okraje hrne\u010dku, cuk\u0159enky i ml\u00e9kovky ve tvaru l\u00edstk\u016f. Nav\u00edc maj\u00ed jednotliv\u00e9 kousky je\u0161t\u011b jakoby m\u00edrn\u011b zvln\u011bn\u00fd povrch. Cel\u00e1 sada p\u016fsob\u00ed neuv\u011b\u0159iteln\u011b n\u011b\u017en\u011b.<\/p>\n<p>Stav: perfektn\u00ed<br \/>\nZna\u010dka: Freiberger<br \/>\nRozm\u011br<br \/>\nObjem hrne\u010dku: 100 ml<br \/>\nObjem ml\u00e9kovky: 150 ml<br \/>\nPr\u016fm\u011br pod\u0161\u00e1lku: 11 cm<br \/>\nV\u00fd\u0161ka cuk\u0159enky: 7,5 cm<\/p>\n","protected":false},"excerpt":{"rendered":"<p>N\u00e1dhern\u00e1 sada na k\u00e1vu z n\u011bmeck\u00e9 porcel\u00e1nky Freiberger, zalo\u017een\u00e9 roku 1906. N\u011b\u017en\u00fd dekor l\u00edste\u010dek\u016f v olivov\u00e9 barv\u011b, jemn\u00e1 zlat\u00e1 linka<\/p>\n","protected":false},"featured_media":9441,"template":"","meta":[],"product_brand":[153],"product_cat":[91],"product_tag":[],"class_list":{"0":"post-9440","1":"product","2":"type-product","3":"status-publish","4":"has-post-thumbnail","6":"product_brand-eterle-cz","7":"product_cat-prodane","9":"first","10":"outofstock","11":"purchasable","12":"product-type-simple"},"_links":{"self":[{"href":"https:\/\/eterle.cz\/eshop\/wp-json\/wp\/v2\/product\/9440","targetHints":{"allow":["GET"]}}],"collection":[{"href":"https:\/\/eterle.cz\/eshop\/wp-json\/wp\/v2\/product"}],"about":[{"href":"https:\/\/eterle.cz\/eshop\/wp-json\/wp\/v2\/types\/product"}],"version-history":[{"count":0,"href":"https:\/\/eterle.cz\/eshop\/wp-json\/wp\/v2\/product\/9440\/revisions"}],"wp:featuredmedia":[{"embeddable":true,"href":"https:\/\/eterle.cz\/eshop\/wp-json\/wp\/v2\/media\/9441"}],"wp:attachment":[{"href":"https:\/\/eterle.cz\/eshop\/wp-json\/wp\/v2\/media?parent=9440"}],"wp:term":[{"taxonomy":"product_brand","embeddable":true,"href":"https:\/\/eterle.cz\/eshop\/wp-json\/wp\/v2\/product_brand?post=9440"},{"taxonomy":"product_cat","embeddable":true,"href":"https:\/\/eterle.cz\/eshop\/wp-json\/wp\/v2\/product_cat?post=9440"},{"taxonomy":"product_tag","embeddable":true,"href":"https:\/\/eterle.cz\/eshop\/wp-json\/wp\/v2\/product_tag?post=9440"}],"curies":[{"name":"wp","href":"https:\/\/api.w.org\/{rel}","templated":true}]}}