{"id":9632,"date":"2022-07-11T22:31:37","date_gmt":"2022-07-11T20:31:37","guid":{"rendered":"https:\/\/eterle.cz\/eshop\/produkt\/funkcionalisticky-nocni-stolek-3\/"},"modified":"2025-02-16T03:01:14","modified_gmt":"2025-02-16T02:01:14","slug":"funkcionalisticky-nocni-stolek-3","status":"publish","type":"product","link":"https:\/\/eterle.cz\/eshop\/produkt\/funkcionalisticky-nocni-stolek-3\/","title":{"rendered":"Funkcionalistick\u00fd no\u010dn\u00ed stolek"},"content":{"rendered":"<p>Funkcionalistick\u00fd no\u010dn\u00ed stolek se sklen\u011bnou deskou v neobvykl\u00e9 \u0161ed\u00e9 barv\u011b, kter\u00fd krom kalsick\u00e9ho vyu\u017eit\u00ed m\u016f\u017eete d\u00e1t i do chodby nebo kamkoliv, kde vyu\u017eijete neobvykl\u00fd odkl\u00e1dac\u00ed stolek. M\u00e1me i s otv\u00edr\u00e1n\u00edm vlevo.<\/p>\n<p>Stav: p\u016fvodn\u00ed zachoval\u00fd stav, chrom po vy\u010di\u0161t\u011bn\u00ed v dobr\u00e9m stvau. Na d\u0159evu m\u00edsty sed\u0159en\u00fd lak, kter\u00fd dod\u00e1v\u00e1 hezkou patinu. Horn\u00ed deska v rohu \u0161t\u00edpl\u00e1.<br \/>\nRozm\u011br<br \/>\nV\u00fd\u0161ka: 64,5 cm<br \/>\n\u0160\u00ed\u0159ka: 39,5 cm<br \/>\nHloubka: 41,5 cm<\/p>\n","protected":false},"excerpt":{"rendered":"<p>Funkcionalistick\u00fd no\u010dn\u00ed stolek se sklen\u011bnou deskou v neobvykl\u00e9 \u0161ed\u00e9 barv\u011b, kter\u00fd krom kalsick\u00e9ho vyu\u017eit\u00ed m\u016f\u017eete d\u00e1t i do chodby nebo<\/p>\n","protected":false},"featured_media":9633,"template":"","meta":[],"product_brand":[153],"product_cat":[91],"product_tag":[],"class_list":{"0":"post-9632","1":"product","2":"type-product","3":"status-publish","4":"has-post-thumbnail","6":"product_brand-eterle-cz","7":"product_cat-prodane","9":"first","10":"outofstock","11":"purchasable","12":"product-type-simple"},"_links":{"self":[{"href":"https:\/\/eterle.cz\/eshop\/wp-json\/wp\/v2\/product\/9632","targetHints":{"allow":["GET"]}}],"collection":[{"href":"https:\/\/eterle.cz\/eshop\/wp-json\/wp\/v2\/product"}],"about":[{"href":"https:\/\/eterle.cz\/eshop\/wp-json\/wp\/v2\/types\/product"}],"version-history":[{"count":1,"href":"https:\/\/eterle.cz\/eshop\/wp-json\/wp\/v2\/product\/9632\/revisions"}],"predecessor-version":[{"id":17569,"href":"https:\/\/eterle.cz\/eshop\/wp-json\/wp\/v2\/product\/9632\/revisions\/17569"}],"wp:featuredmedia":[{"embeddable":true,"href":"https:\/\/eterle.cz\/eshop\/wp-json\/wp\/v2\/media\/9633"}],"wp:attachment":[{"href":"https:\/\/eterle.cz\/eshop\/wp-json\/wp\/v2\/media?parent=9632"}],"wp:term":[{"taxonomy":"product_brand","embeddable":true,"href":"https:\/\/eterle.cz\/eshop\/wp-json\/wp\/v2\/product_brand?post=9632"},{"taxonomy":"product_cat","embeddable":true,"href":"https:\/\/eterle.cz\/eshop\/wp-json\/wp\/v2\/product_cat?post=9632"},{"taxonomy":"product_tag","embeddable":true,"href":"https:\/\/eterle.cz\/eshop\/wp-json\/wp\/v2\/product_tag?post=9632"}],"curies":[{"name":"wp","href":"https:\/\/api.w.org\/{rel}","templated":true}]}}