{"id":9843,"date":"2022-07-11T22:44:42","date_gmt":"2022-07-11T20:44:42","guid":{"rendered":"https:\/\/eterle.cz\/eshop\/produkt\/hrnecek-maly-bily-ende-neznacene\/"},"modified":"2025-02-16T03:01:05","modified_gmt":"2025-02-16T02:01:05","slug":"hrnecek-maly-bily-ende-neznacene","status":"publish","type":"product","link":"https:\/\/eterle.cz\/eshop\/produkt\/hrnecek-maly-bily-ende-neznacene\/","title":{"rendered":"Hrne\u010dek (mal\u00fd b\u00edl\u00fd) \/ Ende (nezna\u010den\u00e9)"},"content":{"rendered":"<p>B\u00edl\u00fd \u0161\u00e1lek na b\u00e1zi p\u0159edv\u00e1le\u010dn\u00fdch porcel\u00e1nov\u00fdch panenek nab\u00edzej\u00ed mimo\u0159\u00e1dnou sm\u011bs klasick\u00e9 elegance a \u0161okuj\u00edc\u00ed hr\u016fzy. Rozhodn\u011b tedy nez\u016fstanou bez pov\u0161imnut\u00ed. Skv\u011ble se hod\u00ed jako neobvykl\u00fd objekt \/ socha na poli\u010dku nebo jako origin\u00e1ln\u00ed d\u00e1rek.<\/p>\n<p>Stav: nov\u00fd<br \/>\nZna\u010dka: Ende (nezna\u010den\u00e9)<br \/>\nRozm\u011br<br \/>\nObjem: 120 ml<\/p>\n","protected":false},"excerpt":{"rendered":"<p>B\u00edl\u00fd \u0161\u00e1lek na b\u00e1zi p\u0159edv\u00e1le\u010dn\u00fdch porcel\u00e1nov\u00fdch panenek nab\u00edzej\u00ed mimo\u0159\u00e1dnou sm\u011bs klasick\u00e9 elegance a \u0161okuj\u00edc\u00ed hr\u016fzy. Rozhodn\u011b tedy nez\u016fstanou bez pov\u0161imnut\u00ed.<\/p>\n","protected":false},"featured_media":9844,"template":"","meta":[],"product_brand":[153],"product_cat":[91],"product_tag":[],"class_list":{"0":"post-9843","1":"product","2":"type-product","3":"status-publish","4":"has-post-thumbnail","6":"product_brand-eterle-cz","7":"product_cat-prodane","9":"first","10":"outofstock","11":"purchasable","12":"product-type-simple"},"_links":{"self":[{"href":"https:\/\/eterle.cz\/eshop\/wp-json\/wp\/v2\/product\/9843","targetHints":{"allow":["GET"]}}],"collection":[{"href":"https:\/\/eterle.cz\/eshop\/wp-json\/wp\/v2\/product"}],"about":[{"href":"https:\/\/eterle.cz\/eshop\/wp-json\/wp\/v2\/types\/product"}],"version-history":[{"count":0,"href":"https:\/\/eterle.cz\/eshop\/wp-json\/wp\/v2\/product\/9843\/revisions"}],"wp:featuredmedia":[{"embeddable":true,"href":"https:\/\/eterle.cz\/eshop\/wp-json\/wp\/v2\/media\/9844"}],"wp:attachment":[{"href":"https:\/\/eterle.cz\/eshop\/wp-json\/wp\/v2\/media?parent=9843"}],"wp:term":[{"taxonomy":"product_brand","embeddable":true,"href":"https:\/\/eterle.cz\/eshop\/wp-json\/wp\/v2\/product_brand?post=9843"},{"taxonomy":"product_cat","embeddable":true,"href":"https:\/\/eterle.cz\/eshop\/wp-json\/wp\/v2\/product_cat?post=9843"},{"taxonomy":"product_tag","embeddable":true,"href":"https:\/\/eterle.cz\/eshop\/wp-json\/wp\/v2\/product_tag?post=9843"}],"curies":[{"name":"wp","href":"https:\/\/api.w.org\/{rel}","templated":true}]}}