{"id":9904,"date":"2022-07-11T22:46:24","date_gmt":"2022-07-11T20:46:24","guid":{"rendered":"https:\/\/eterle.cz\/eshop\/produkt\/jidelni-sada-pro-6-osob-thomas\/"},"modified":"2025-06-24T01:51:40","modified_gmt":"2025-06-23T23:51:40","slug":"jidelni-sada-pro-6-osob-thomas","status":"publish","type":"product","link":"https:\/\/eterle.cz\/eshop\/produkt\/jidelni-sada-pro-6-osob-thomas\/","title":{"rendered":"J\u00eddeln\u00ed sada pro 6 osob \/ Thomas"},"content":{"rendered":"<p>J\u00eddeln\u00ed sada od n\u011bmeck\u00e9 porcel\u00e1nky Thomas, co\u017e je zna\u010dka pro designov\u011b orientovan\u00e9 a nekomplikovan\u00e9 n\u00e1dob\u00ed pro ka\u017edodenn\u00ed pou\u017eit\u00ed. Tal\u00ed\u0159e jsou zdobeny klasick\u00fdm modrob\u00edl\u00fdm dekorem av\u0161ak v modern\u00edm pojet\u00ed.<\/p>\n<p>Stav: nov\u00fd<br \/>\nZna\u010dka: Thomas<br \/>\nRozm\u011br<br \/>\nPr\u016fm\u011br j\u00eddeln\u00ed tal\u00ed\u0159: 24,5 cm<br \/>\nPr\u016fm\u011br hlubok\u00fd tal\u00ed\u0159: 19 cm<br \/>\nDezertn\u00ed tal\u00ed\u0159: 19 cm<\/p>\n","protected":false},"excerpt":{"rendered":"<p>J\u00eddeln\u00ed sada od n\u011bmeck\u00e9 porcel\u00e1nky Thomas, co\u017e je zna\u010dka pro designov\u011b orientovan\u00e9 a nekomplikovan\u00e9 n\u00e1dob\u00ed pro ka\u017edodenn\u00ed pou\u017eit\u00ed. Tal\u00ed\u0159e jsou<\/p>\n","protected":false},"featured_media":9905,"template":"","meta":[],"product_brand":[153],"product_cat":[76,111],"product_tag":[],"class_list":{"0":"post-9904","1":"product","2":"type-product","3":"status-publish","4":"has-post-thumbnail","6":"product_brand-eterle-cz","7":"product_cat-porcelan","8":"product_cat-porcelanove-sady","10":"first","11":"instock","12":"purchasable","13":"product-type-simple"},"_links":{"self":[{"href":"https:\/\/eterle.cz\/eshop\/wp-json\/wp\/v2\/product\/9904","targetHints":{"allow":["GET"]}}],"collection":[{"href":"https:\/\/eterle.cz\/eshop\/wp-json\/wp\/v2\/product"}],"about":[{"href":"https:\/\/eterle.cz\/eshop\/wp-json\/wp\/v2\/types\/product"}],"version-history":[{"count":1,"href":"https:\/\/eterle.cz\/eshop\/wp-json\/wp\/v2\/product\/9904\/revisions"}],"predecessor-version":[{"id":26065,"href":"https:\/\/eterle.cz\/eshop\/wp-json\/wp\/v2\/product\/9904\/revisions\/26065"}],"wp:featuredmedia":[{"embeddable":true,"href":"https:\/\/eterle.cz\/eshop\/wp-json\/wp\/v2\/media\/9905"}],"wp:attachment":[{"href":"https:\/\/eterle.cz\/eshop\/wp-json\/wp\/v2\/media?parent=9904"}],"wp:term":[{"taxonomy":"product_brand","embeddable":true,"href":"https:\/\/eterle.cz\/eshop\/wp-json\/wp\/v2\/product_brand?post=9904"},{"taxonomy":"product_cat","embeddable":true,"href":"https:\/\/eterle.cz\/eshop\/wp-json\/wp\/v2\/product_cat?post=9904"},{"taxonomy":"product_tag","embeddable":true,"href":"https:\/\/eterle.cz\/eshop\/wp-json\/wp\/v2\/product_tag?post=9904"}],"curies":[{"name":"wp","href":"https:\/\/api.w.org\/{rel}","templated":true}]}}