{"id":9932,"date":"2022-07-11T22:47:28","date_gmt":"2022-07-11T20:47:28","guid":{"rendered":"https:\/\/eterle.cz\/eshop\/produkt\/karafa-a-skelnicky-na-whisky\/"},"modified":"2025-02-16T03:00:57","modified_gmt":"2025-02-16T02:00:57","slug":"karafa-a-skelnicky-na-whisky","status":"publish","type":"product","link":"https:\/\/eterle.cz\/eshop\/produkt\/karafa-a-skelnicky-na-whisky\/","title":{"rendered":"Karafa a skleni\u010dky na whisky"},"content":{"rendered":"<p>Lit\u00e1 karafa na whisky s dobru\u0161ovan\u00fdm vzorem a \u0161esti sklenicemi, jejih\u017e dekor evokuje ledov\u00e9 kostky \u0160punt zabrou\u0161en\u00fd. Luxusn\u00ed d\u00e1rek pro milovn\u00edky kvalitn\u00ed whisky.<\/p>\n<p>Stav: karafa velmi dobr\u00fd, skleni\u010dky t\u00e9m\u011b\u0159 neznateln\u00e9 \u0161kr\u00e1bance<br \/>\nRozm\u011br<br \/>\nObjem karafy: 650 ml<br \/>\nObjem sklenice po vzor: 250 ml<\/p>\n","protected":false},"excerpt":{"rendered":"<p>Lit\u00e1 karafa na whisky s dobru\u0161ovan\u00fdm vzorem a \u0161esti sklenicemi, jejih\u017e dekor evokuje ledov\u00e9 kostky \u0160punt zabrou\u0161en\u00fd. Luxusn\u00ed d\u00e1rek pro<\/p>\n","protected":false},"featured_media":9933,"template":"","meta":[],"product_brand":[153],"product_cat":[91],"product_tag":[],"class_list":{"0":"post-9932","1":"product","2":"type-product","3":"status-publish","4":"has-post-thumbnail","6":"product_brand-eterle-cz","7":"product_cat-prodane","9":"first","10":"outofstock","11":"purchasable","12":"product-type-simple"},"_links":{"self":[{"href":"https:\/\/eterle.cz\/eshop\/wp-json\/wp\/v2\/product\/9932","targetHints":{"allow":["GET"]}}],"collection":[{"href":"https:\/\/eterle.cz\/eshop\/wp-json\/wp\/v2\/product"}],"about":[{"href":"https:\/\/eterle.cz\/eshop\/wp-json\/wp\/v2\/types\/product"}],"version-history":[{"count":1,"href":"https:\/\/eterle.cz\/eshop\/wp-json\/wp\/v2\/product\/9932\/revisions"}],"predecessor-version":[{"id":12252,"href":"https:\/\/eterle.cz\/eshop\/wp-json\/wp\/v2\/product\/9932\/revisions\/12252"}],"wp:featuredmedia":[{"embeddable":true,"href":"https:\/\/eterle.cz\/eshop\/wp-json\/wp\/v2\/media\/9933"}],"wp:attachment":[{"href":"https:\/\/eterle.cz\/eshop\/wp-json\/wp\/v2\/media?parent=9932"}],"wp:term":[{"taxonomy":"product_brand","embeddable":true,"href":"https:\/\/eterle.cz\/eshop\/wp-json\/wp\/v2\/product_brand?post=9932"},{"taxonomy":"product_cat","embeddable":true,"href":"https:\/\/eterle.cz\/eshop\/wp-json\/wp\/v2\/product_cat?post=9932"},{"taxonomy":"product_tag","embeddable":true,"href":"https:\/\/eterle.cz\/eshop\/wp-json\/wp\/v2\/product_tag?post=9932"}],"curies":[{"name":"wp","href":"https:\/\/api.w.org\/{rel}","templated":true}]}}