{"id":9944,"date":"2022-07-11T22:47:28","date_gmt":"2022-07-11T20:47:28","guid":{"rendered":"https:\/\/eterle.cz\/eshop\/produkt\/sada-na-bouli-pro-6-osob\/"},"modified":"2026-02-09T13:06:19","modified_gmt":"2026-02-09T12:06:19","slug":"sada-na-bouli-pro-6-osob","status":"publish","type":"product","link":"https:\/\/eterle.cz\/eshop\/produkt\/sada-na-bouli-pro-6-osob\/","title":{"rendered":"Sada na bouli pro 6 osob"},"content":{"rendered":"<p>Sklen\u011bn\u00e1 m\u00edsa v\u00fdjime\u010dn\u011b i se zachovalou sklen\u011bnou nab\u011bra\u010dkou se dost\u00e1v\u00e1 op\u011bt do m\u00f3dy. Vu\u017eijete ji perfektn\u011b na letn\u00ed p\u00e1rty na sangrii, bouli nebo ovocn\u00fd sal\u00e1t pro d\u011bti. V zim\u011b se zas ebude hodit na v\u00e1no\u010dn\u00ed pun\u010d.<\/p>\n<p>Stav: velmi dobr\u00fd, pouze dva hrne\u010dky maj\u00ed vlasovou prasklinu u ou\u0161ka<br \/>\nRozm\u011br<br \/>\nM\u00edsa pr\u016fm\u011br: 26 cm<br \/>\nM\u00edsa v\u00fd\u0161ka: 15,5 cm<br \/>\nObjem hrne\u010dku: 150 ml<\/p>\n","protected":false},"excerpt":{"rendered":"<p>Sklen\u011bn\u00e1 m\u00edsa v\u00fdjime\u010dn\u011b i se zachovalou sklen\u011bnou nab\u011bra\u010dkou se dost\u00e1v\u00e1 op\u011bt do m\u00f3dy. Vu\u017eijete ji perfektn\u011b na letn\u00ed p\u00e1rty na<\/p>\n","protected":false},"featured_media":9945,"template":"","meta":[],"product_brand":[153],"product_cat":[75,133,134],"product_tag":[],"class_list":{"0":"post-9944","1":"product","2":"type-product","3":"status-publish","4":"has-post-thumbnail","6":"product_brand-eterle-cz","7":"product_cat-sklo","8":"product_cat-misy-sklo","9":"product_cat-sklenice","11":"first","12":"instock","13":"purchasable","14":"product-type-simple"},"_links":{"self":[{"href":"https:\/\/eterle.cz\/eshop\/wp-json\/wp\/v2\/product\/9944","targetHints":{"allow":["GET"]}}],"collection":[{"href":"https:\/\/eterle.cz\/eshop\/wp-json\/wp\/v2\/product"}],"about":[{"href":"https:\/\/eterle.cz\/eshop\/wp-json\/wp\/v2\/types\/product"}],"version-history":[{"count":2,"href":"https:\/\/eterle.cz\/eshop\/wp-json\/wp\/v2\/product\/9944\/revisions"}],"predecessor-version":[{"id":34112,"href":"https:\/\/eterle.cz\/eshop\/wp-json\/wp\/v2\/product\/9944\/revisions\/34112"}],"wp:featuredmedia":[{"embeddable":true,"href":"https:\/\/eterle.cz\/eshop\/wp-json\/wp\/v2\/media\/9945"}],"wp:attachment":[{"href":"https:\/\/eterle.cz\/eshop\/wp-json\/wp\/v2\/media?parent=9944"}],"wp:term":[{"taxonomy":"product_brand","embeddable":true,"href":"https:\/\/eterle.cz\/eshop\/wp-json\/wp\/v2\/product_brand?post=9944"},{"taxonomy":"product_cat","embeddable":true,"href":"https:\/\/eterle.cz\/eshop\/wp-json\/wp\/v2\/product_cat?post=9944"},{"taxonomy":"product_tag","embeddable":true,"href":"https:\/\/eterle.cz\/eshop\/wp-json\/wp\/v2\/product_tag?post=9944"}],"curies":[{"name":"wp","href":"https:\/\/api.w.org\/{rel}","templated":true}]}}